CRAN Package Check Results for Package biglm

Last updated on 2025-05-08 04:51:59 CEST.

Flavor Version Tinstall Tcheck Ttotal Status Flags
r-devel-linux-x86_64-debian-clang 0.9-3 3.64 26.55 30.19 NOTE
r-devel-linux-x86_64-debian-gcc 0.9-3 2.67 20.81 23.48 NOTE
r-devel-linux-x86_64-fedora-clang 0.9-3 51.92 NOTE
r-devel-linux-x86_64-fedora-gcc 0.9-3 47.28 OK
r-devel-windows-x86_64 0.9-3 7.00 47.00 54.00 OK
r-patched-linux-x86_64 0.9-3 3.55 25.35 28.90 NOTE
r-release-linux-x86_64 0.9-3 3.41 25.19 28.60 NOTE
r-release-macos-arm64 0.9-3 19.00 OK
r-release-macos-x86_64 0.9-3 32.00 OK
r-release-windows-x86_64 0.9-3 7.00 47.00 54.00 OK
r-oldrel-macos-arm64 0.9-3 24.00 OK
r-oldrel-macos-x86_64 0.9-3 78.00 OK
r-oldrel-windows-x86_64 0.9-3 9.00 53.00 62.00 OK

Check Details

Version: 0.9-3
Check: CRAN incoming feasibility
Result: NOTE Maintainer: ‘Thomas Lumley <t.lumley@auckland.ac.nz>’ No Authors@R field in DESCRIPTION. Please add one, modifying Authors@R: person(given = "Thomas", family = "Lumley", role = c("aut", "cre"), email = "t.lumley@auckland.ac.nz") as necessary. Flavors: r-devel-linux-x86_64-debian-clang, r-devel-linux-x86_64-debian-gcc

Version: 0.9-3
Check: R code for possible problems
Result: NOTE Found the following calls to data() loading into the global environment: File ‘biglm/R/bigglm.R’: data(reset = TRUE) data(reset = FALSE) See section ‘Good practice’ in ‘?data’. Flavors: r-devel-linux-x86_64-debian-clang, r-devel-linux-x86_64-debian-gcc, r-devel-linux-x86_64-fedora-clang, r-patched-linux-x86_64, r-release-linux-x86_64

These binaries (installable software) and packages are in development.
They may not be fully stable and should be used with caution. We make no claims about them.