CRAN Package Check Results for Package bigmatch

Last updated on 2025-05-08 04:52:00 CEST.

Flavor Version Tinstall Tcheck Ttotal Status Flags
r-devel-linux-x86_64-debian-clang 0.6.4 3.37 42.66 46.03 NOTE
r-devel-linux-x86_64-debian-gcc 0.6.4 2.80 32.37 35.17 NOTE
r-devel-linux-x86_64-fedora-clang 0.6.4 77.40 OK
r-devel-linux-x86_64-fedora-gcc 0.6.4 75.75 OK
r-devel-windows-x86_64 0.6.4 5.00 64.00 69.00 OK
r-patched-linux-x86_64 0.6.4 3.53 41.82 45.35 OK
r-release-linux-x86_64 0.6.4 4.15 41.68 45.83 OK
r-release-macos-arm64 0.6.4 30.00 OK
r-release-macos-x86_64 0.6.4 51.00 OK
r-release-windows-x86_64 0.6.4 5.00 64.00 69.00 OK
r-oldrel-macos-arm64 0.6.4 26.00 NOTE
r-oldrel-macos-x86_64 0.6.4 46.00 NOTE
r-oldrel-windows-x86_64 0.6.4 7.00 72.00 79.00 NOTE

Check Details

Version: 0.6.4
Check: CRAN incoming feasibility
Result: NOTE Maintainer: ‘Ruoqi Yu <ruoqiyu125@gmail.com>’ No Authors@R field in DESCRIPTION. Please add one, modifying Authors@R: person(given = "Ruoqi", family = "Yu", role = c("aut", "cre"), email = "ruoqiyu125@gmail.com") as necessary. Flavors: r-devel-linux-x86_64-debian-clang, r-devel-linux-x86_64-debian-gcc

Version: 0.6.4
Check: package dependencies
Result: NOTE Package suggested but not available for checking: ‘rrelaxiv’ Flavors: r-oldrel-macos-arm64, r-oldrel-macos-x86_64, r-oldrel-windows-x86_64

These binaries (installable software) and packages are in development.
They may not be fully stable and should be used with caution. We make no claims about them.