Last updated on 2025-10-23 09:50:39 CEST.
Flavor | Version | Tinstall | Tcheck | Ttotal | Status | Flags |
---|---|---|---|---|---|---|
r-devel-linux-x86_64-debian-clang | 4.6.4 | 54.28 | 43.89 | 98.17 | NOTE | |
r-devel-linux-x86_64-debian-gcc | 4.6.4 | 47.58 | 32.34 | 79.92 | OK | |
r-devel-linux-x86_64-fedora-clang | 4.6.4 | 146.00 | 21.59 | 167.59 | OK | |
r-devel-linux-x86_64-fedora-gcc | 4.6.4 | 119.00 | 70.76 | 189.76 | OK | |
r-devel-windows-x86_64 | 4.6.4 | 88.00 | 85.00 | 173.00 | OK | |
r-patched-linux-x86_64 | 4.6.4 | 64.43 | 40.54 | 104.97 | OK | |
r-release-linux-x86_64 | 4.6.4 | 65.25 | 40.84 | 106.09 | OK | |
r-release-macos-arm64 | 4.6.4 | 26.00 | 25.00 | 51.00 | OK | |
r-release-macos-x86_64 | 4.6.4 | 49.00 | 45.00 | 94.00 | OK | |
r-release-windows-x86_64 | 4.6.4 | 82.00 | 85.00 | 167.00 | OK | |
r-oldrel-macos-arm64 | 4.6.4 | 24.00 | 23.00 | 47.00 | NOTE | |
r-oldrel-macos-x86_64 | 4.6.4 | 49.00 | 37.00 | 86.00 | NOTE | |
r-oldrel-windows-x86_64 | 4.6.4 | 86.00 | 103.00 | 189.00 | OK |
Version: 4.6.4
Check: HTML version of manual
Result: NOTE
Found the following HTML validation problems:
GetMatrixSize.html:46:1 (GetMatrixSize.Rd:10): Warning: missing </ul> before </div>
as.matrix-big.matrix-method.html:48:1 (as.matrix-big.matrix-method.Rd:10): Warning: missing </ul> before </div>
dim-big.matrix-method.html:47:1 (dim-big.matrix-method.Rd:10): Warning: missing </ul> before </div>
dimnames-methods.html:54:1 (dimnames-methods.Rd:16): Warning: missing </ul> before </div>
extract-methods.html:145:1 (extract-methods.Rd:101): Warning: missing </ul> before </div>
head-methods.html:55:1 (head-methods.Rd:16): Warning: missing </ul> before </div>
is.float-numeric-method.html:47:1 (is.float-numeric-method.Rd:10): Warning: missing </ul> before </div>
is.float.html:46:1 (is.float.Rd:10): Warning: missing </ul> before </div>
length-big.matrix-method.html:47:1 (length-big.matrix-method.Rd:10): Warning: missing </ul> before </div>
typeof-big.matrix-method.html:48:1 (typeof-big.matrix-method.Rd:10): Warning: missing </ul> before </div>
Flavor: r-devel-linux-x86_64-debian-clang
Version: 4.6.4
Check: installed package size
Result: NOTE
installed size is 7.3Mb
sub-directories of 1Mb or more:
libs 6.8Mb
Flavors: r-oldrel-macos-arm64, r-oldrel-macos-x86_64
These binaries (installable software) and packages are in development.
They may not be fully stable and should be used with caution. We make no claims about them.