CRAN Package Check Results for Package bigmemory

Last updated on 2025-11-13 03:50:56 CET.

Flavor Version Tinstall Tcheck Ttotal Status Flags
r-devel-linux-x86_64-debian-clang 4.6.4 50.05 43.12 93.17 OK
r-devel-linux-x86_64-debian-gcc 4.6.4 47.66 32.69 80.35 OK
r-devel-linux-x86_64-fedora-clang 4.6.4 149.00 21.40 170.40 OK
r-devel-linux-x86_64-fedora-gcc 4.6.4 130.00 60.05 190.05 OK
r-devel-windows-x86_64 4.6.4 90.00 86.00 176.00 OK
r-patched-linux-x86_64 4.6.4 68.63 40.54 109.17 OK
r-release-linux-x86_64 4.6.4 67.93 40.85 108.78 OK
r-release-macos-arm64 4.6.4 26.00 25.00 51.00 OK
r-release-macos-x86_64 4.6.4 49.00 45.00 94.00 OK
r-release-windows-x86_64 4.6.4 85.00 83.00 168.00 OK
r-oldrel-macos-arm64 4.6.4 24.00 23.00 47.00 NOTE
r-oldrel-macos-x86_64 4.6.4 49.00 37.00 86.00 NOTE
r-oldrel-windows-x86_64 4.6.4 88.00 100.00 188.00 OK

Check Details

Version: 4.6.4
Check: installed package size
Result: NOTE installed size is 7.3Mb sub-directories of 1Mb or more: libs 6.8Mb Flavors: r-oldrel-macos-arm64, r-oldrel-macos-x86_64

These binaries (installable software) and packages are in development.
They may not be fully stable and should be used with caution. We make no claims about them.