CRAN Package Check Results for Package bignum

Last updated on 2025-05-08 04:52:00 CEST.

Flavor Version Tinstall Tcheck Ttotal Status Flags
r-devel-linux-x86_64-debian-clang 0.3.2 68.08 50.09 118.17 OK
r-devel-linux-x86_64-debian-gcc 0.3.2 58.48 36.87 95.35 OK
r-devel-linux-x86_64-fedora-clang 0.3.2 211.54 OK
r-devel-linux-x86_64-fedora-gcc 0.3.2 285.53 OK
r-devel-windows-x86_64 0.3.2 92.00 92.00 184.00 OK
r-patched-linux-x86_64 0.3.2 80.94 46.49 127.43 OK
r-release-linux-x86_64 0.3.2 84.09 46.87 130.96 OK
r-release-macos-arm64 0.3.2 72.00 OK
r-release-macos-x86_64 0.3.2 122.00 OK
r-release-windows-x86_64 0.3.2 92.00 91.00 183.00 OK
r-oldrel-macos-arm64 0.3.2 60.00 NOTE
r-oldrel-macos-x86_64 0.3.2 83.00 NOTE
r-oldrel-windows-x86_64 0.3.2 102.00 109.00 211.00 OK

Check Details

Version: 0.3.2
Check: installed package size
Result: NOTE installed size is 9.0Mb sub-directories of 1Mb or more: libs 8.7Mb Flavors: r-oldrel-macos-arm64, r-oldrel-macos-x86_64

These binaries (installable software) and packages are in development.
They may not be fully stable and should be used with caution. We make no claims about them.