Last updated on 2025-02-19 16:50:41 CET.
Flavor | Version | Tinstall | Tcheck | Ttotal | Status | Flags |
---|---|---|---|---|---|---|
r-devel-linux-x86_64-debian-clang | 0.3.2 | 69.61 | 49.79 | 119.40 | OK | |
r-devel-linux-x86_64-debian-gcc | 0.3.2 | 59.45 | 36.80 | 96.25 | OK | |
r-devel-linux-x86_64-fedora-clang | 0.3.2 | 210.37 | OK | |||
r-devel-linux-x86_64-fedora-gcc | 0.3.2 | 254.39 | OK | |||
r-devel-macos-arm64 | 0.3.2 | 62.00 | OK | |||
r-devel-macos-x86_64 | 0.3.2 | 118.00 | OK | |||
r-devel-windows-x86_64 | 0.3.2 | 79.00 | 94.00 | 173.00 | OK | |
r-patched-linux-x86_64 | 0.3.2 | 78.32 | 46.15 | 124.47 | OK | |
r-release-linux-x86_64 | 0.3.2 | 83.97 | 47.04 | 131.01 | OK | |
r-release-macos-arm64 | 0.3.2 | 60.00 | NOTE | |||
r-release-macos-x86_64 | 0.3.2 | 83.00 | NOTE | |||
r-release-windows-x86_64 | 0.3.2 | 81.00 | 93.00 | 174.00 | OK | |
r-oldrel-macos-arm64 | 0.3.2 | 83.00 | NOTE | |||
r-oldrel-macos-x86_64 | 0.3.2 | 145.00 | NOTE | |||
r-oldrel-windows-x86_64 | 0.3.2 | 100.00 | 102.00 | 202.00 | OK |
Version: 0.3.2
Check: installed package size
Result: NOTE
installed size is 9.0Mb
sub-directories of 1Mb or more:
libs 8.7Mb
Flavors: r-release-macos-arm64, r-release-macos-x86_64, r-oldrel-macos-arm64, r-oldrel-macos-x86_64
These binaries (installable software) and packages are in development.
They may not be fully stable and should be used with caution. We make no claims about them.