Last updated on 2025-05-08 04:52:00 CEST.
Flavor | Version | Tinstall | Tcheck | Ttotal | Status | Flags |
---|---|---|---|---|---|---|
r-devel-linux-x86_64-debian-clang | 1.2.2 | 82.41 | 40.99 | 123.40 | OK | |
r-devel-linux-x86_64-debian-gcc | 1.2.2 | 67.19 | 30.58 | 97.77 | OK | |
r-devel-linux-x86_64-fedora-gcc | 1.2.2 | 262.95 | OK | |||
r-devel-windows-x86_64 | 1.2.2 | 580.00 | 223.00 | 803.00 | OK | |
r-patched-linux-x86_64 | 1.2.2 | 88.67 | 37.67 | 126.34 | OK | |
r-release-linux-x86_64 | 1.2.2 | 87.11 | 37.41 | 124.52 | OK | |
r-release-macos-arm64 | 1.2.2 | 77.00 | OK | |||
r-release-macos-x86_64 | 1.2.2 | 95.00 | OK | |||
r-release-windows-x86_64 | 1.2.2 | 579.00 | 232.00 | 811.00 | OK | |
r-oldrel-macos-arm64 | 1.2.2 | 74.00 | NOTE | |||
r-oldrel-macos-x86_64 | 1.2.2 | 87.00 | NOTE | |||
r-oldrel-windows-x86_64 | 1.2.2 | 561.00 | 284.00 | 845.00 | NOTE |
Version: 1.2.2
Check: installed package size
Result: NOTE
installed size is 28.2Mb
sub-directories of 1Mb or more:
libs 28.1Mb
Flavors: r-oldrel-macos-arm64, r-oldrel-macos-x86_64, r-oldrel-windows-x86_64
These binaries (installable software) and packages are in development.
They may not be fully stable and should be used with caution. We make no claims about them.