Last updated on 2025-11-12 19:51:42 CET.
| Flavor | Version | Tinstall | Tcheck | Ttotal | Status | Flags |
|---|---|---|---|---|---|---|
| r-devel-linux-x86_64-debian-clang | 1.2.2 | 84.44 | 41.56 | 126.00 | OK | |
| r-devel-linux-x86_64-debian-gcc | 1.2.2 | 63.40 | 32.74 | 96.14 | OK | |
| r-devel-linux-x86_64-fedora-gcc | 1.2.2 | 132.00 | 85.25 | 217.25 | OK | |
| r-devel-windows-x86_64 | 1.2.2 | 592.00 | 230.00 | 822.00 | OK | |
| r-patched-linux-x86_64 | 1.2.2 | 92.60 | 38.42 | 131.02 | OK | |
| r-release-linux-x86_64 | 1.2.2 | 88.89 | 38.17 | 127.06 | OK | |
| r-release-macos-arm64 | 1.2.2 | 52.00 | 25.00 | 77.00 | OK | |
| r-release-macos-x86_64 | 1.2.2 | 54.00 | 41.00 | 95.00 | OK | |
| r-release-windows-x86_64 | 1.2.2 | 575.00 | 228.00 | 803.00 | OK | |
| r-oldrel-macos-arm64 | 1.2.2 | 46.00 | 28.00 | 74.00 | NOTE | |
| r-oldrel-macos-x86_64 | 1.2.2 | 45.00 | 42.00 | 87.00 | NOTE | |
| r-oldrel-windows-x86_64 | 1.2.2 | 580.00 | 279.00 | 859.00 | NOTE |
Version: 1.2.2
Check: installed package size
Result: NOTE
installed size is 28.2Mb
sub-directories of 1Mb or more:
libs 28.1Mb
Flavors: r-oldrel-macos-arm64, r-oldrel-macos-x86_64, r-oldrel-windows-x86_64
These binaries (installable software) and packages are in development.
They may not be fully stable and should be used with caution. We make no claims about them.