Last updated on 2024-07-27 15:50:12 CEST.
Flavor | Version | Tinstall | Tcheck | Ttotal | Status | Flags |
---|---|---|---|---|---|---|
r-devel-linux-x86_64-debian-clang | 0.7.1 | 64.89 | 81.76 | 146.65 | OK | |
r-devel-linux-x86_64-debian-gcc | 0.7.1 | OK | ||||
r-devel-linux-x86_64-fedora-clang | 0.7.1 | 240.87 | NOTE | |||
r-devel-linux-x86_64-fedora-gcc | 0.7.1 | 198.59 | NOTE | |||
r-devel-windows-x86_64 | 0.7.1 | 74.00 | 94.00 | 168.00 | OK | |
r-patched-linux-x86_64 | 0.7.1 | OK | ||||
r-release-linux-x86_64 | 0.7.1 | 49.05 | 77.58 | 126.63 | OK | |
r-release-macos-arm64 | 0.7.1 | 56.00 | OK | |||
r-release-macos-x86_64 | 0.7.1 | 86.00 | OK | |||
r-release-windows-x86_64 | 0.7.1 | 90.00 | 96.00 | 186.00 | OK | |
r-oldrel-macos-arm64 | 0.7.1 | 63.00 | OK | |||
r-oldrel-macos-x86_64 | 0.7.1 | 111.00 | OK | |||
r-oldrel-windows-x86_64 | 0.7.1 | 82.00 | 114.00 | 196.00 | OK |
Version: 0.7.1
Check: dependencies in R code
Result: NOTE
Namespace in Imports field not imported from: ‘rmio’
All declared Imports should be used.
Flavors: r-devel-linux-x86_64-fedora-clang, r-devel-linux-x86_64-fedora-gcc
These binaries (installable software) and packages are in development.
They may not be fully stable and should be used with caution. We make no claims about them.