Last updated on 2025-02-19 16:50:41 CET.
Flavor | Version | Tinstall | Tcheck | Ttotal | Status | Flags |
---|---|---|---|---|---|---|
r-devel-linux-x86_64-debian-clang | 0.7.3 | 49.74 | 64.68 | 114.42 | OK | |
r-devel-linux-x86_64-debian-gcc | 0.7.3 | 38.38 | 50.30 | 88.68 | OK | |
r-devel-linux-x86_64-fedora-clang | 0.7.3 | 206.18 | OK | |||
r-devel-linux-x86_64-fedora-gcc | 0.7.3 | 196.88 | OK | |||
r-devel-macos-arm64 | 0.7.3 | 51.00 | OK | |||
r-devel-macos-x86_64 | 0.7.3 | 86.00 | OK | |||
r-devel-windows-x86_64 | 0.7.3 | 77.00 | 96.00 | 173.00 | OK | |
r-patched-linux-x86_64 | 0.7.3 | 51.54 | 61.82 | 113.36 | OK | |
r-release-linux-x86_64 | 0.7.3 | 48.54 | 61.15 | 109.69 | OK | |
r-release-macos-arm64 | 0.7.3 | 53.00 | OK | |||
r-release-macos-x86_64 | 0.7.3 | 96.00 | OK | |||
r-release-windows-x86_64 | 0.7.3 | 76.00 | 3.00 | 79.00 | FAIL | |
r-oldrel-macos-arm64 | 0.7.3 | 59.00 | OK | |||
r-oldrel-macos-x86_64 | 0.7.3 | 81.00 | OK | |||
r-oldrel-windows-x86_64 | 0.7.3 | 93.00 | 130.00 | 223.00 | OK |
Version: 0.7.3
Check: package dependencies
Result: FAIL
Flavor: r-release-windows-x86_64
These binaries (installable software) and packages are in development.
They may not be fully stable and should be used with caution. We make no claims about them.