Last updated on 2025-02-19 16:50:41 CET.
Flavor | Version | Tinstall | Tcheck | Ttotal | Status | Flags |
---|---|---|---|---|---|---|
r-devel-linux-x86_64-debian-clang | 1.6.1 | 138.80 | 201.39 | 340.19 | OK | |
r-devel-linux-x86_64-debian-gcc | 1.6.1 | 103.17 | 141.46 | 244.63 | OK | |
r-devel-linux-x86_64-fedora-clang | 1.6.1 | 598.15 | OK | |||
r-devel-linux-x86_64-fedora-gcc | 1.6.1 | 664.92 | OK | |||
r-devel-macos-arm64 | 1.6.1 | 146.00 | OK | |||
r-devel-macos-x86_64 | 1.6.1 | 299.00 | OK | |||
r-devel-windows-x86_64 | 1.6.1 | 193.00 | 244.00 | 437.00 | OK | |
r-patched-linux-x86_64 | 1.6.1 | 144.40 | 190.98 | 335.38 | OK | |
r-release-linux-x86_64 | 1.6.1 | 141.50 | 187.73 | 329.23 | OK | |
r-release-macos-arm64 | 1.6.1 | 149.00 | NOTE | |||
r-release-macos-x86_64 | 1.6.1 | 267.00 | NOTE | |||
r-release-windows-x86_64 | 1.6.1 | 198.00 | 3.00 | 201.00 | FAIL | |
r-oldrel-macos-arm64 | 1.6.1 | 151.00 | NOTE | |||
r-oldrel-macos-x86_64 | 1.6.1 | 245.00 | NOTE | |||
r-oldrel-windows-x86_64 | 1.6.1 | 236.00 | 307.00 | 543.00 | OK |
Version: 1.6.1
Check: installed package size
Result: NOTE
installed size is 13.6Mb
sub-directories of 1Mb or more:
extdata 2.3Mb
libs 10.5Mb
Flavors: r-release-macos-arm64, r-release-macos-x86_64, r-oldrel-macos-arm64, r-oldrel-macos-x86_64
Version: 1.6.1
Check: package dependencies
Result: FAIL
Flavor: r-release-windows-x86_64
These binaries (installable software) and packages are in development.
They may not be fully stable and should be used with caution. We make no claims about them.