CRAN Package Check Results for Package bigtabulate

Last updated on 2025-11-12 19:51:42 CET.

Flavor Version Tinstall Tcheck Ttotal Status Flags
r-devel-linux-x86_64-debian-clang 1.1.9 18.25 32.93 51.18 NOTE
r-devel-linux-x86_64-debian-gcc 1.1.9 14.55 25.79 40.34 NOTE
r-devel-linux-x86_64-fedora-clang 1.1.9 74.00 6.40 80.40 OK
r-devel-linux-x86_64-fedora-gcc 1.1.9 46.00 38.93 84.93 OK
r-devel-windows-x86_64 1.1.9 30.00 68.00 98.00 OK
r-patched-linux-x86_64 1.1.9 21.48 31.57 53.05 OK
r-release-linux-x86_64 1.1.9 19.77 31.44 51.21 OK
r-release-macos-arm64 1.1.9 12.00 34.00 46.00 OK
r-release-macos-x86_64 1.1.9 19.00 35.00 54.00 OK
r-release-windows-x86_64 1.1.9 31.00 67.00 98.00 OK
r-oldrel-macos-arm64 1.1.9 9.00 19.00 28.00 OK
r-oldrel-macos-x86_64 1.1.9 17.00 27.00 44.00 OK
r-oldrel-windows-x86_64 1.1.9 38.00 78.00 116.00 OK

Check Details

Version: 1.1.9
Check: CRAN incoming feasibility
Result: NOTE Maintainer: ‘Michael J. Kane <bigmemoryauthors@gmail.com>’ No Authors@R field in DESCRIPTION. Please add one, modifying Authors@R: c(person(given = c("Michael", "J."), family = "Kane", role = c("aut", "cre"), email = "kaneplusplus@gmail.com"), person(given = c("John", "W."), family = "Emerson", role = "aut", email = "jayemerson@gmail.com")) as necessary. Flavors: r-devel-linux-x86_64-debian-clang, r-devel-linux-x86_64-debian-gcc

These binaries (installable software) and packages are in development.
They may not be fully stable and should be used with caution. We make no claims about them.