CRAN Package Check Results for Package billboard

Last updated on 2025-11-13 21:49:52 CET.

Flavor Version Tinstall Tcheck Ttotal Status Flags
r-devel-linux-x86_64-debian-clang 0.1.0 3.10 20.21 23.31 NOTE
r-devel-linux-x86_64-debian-gcc 0.1.0 2.91 17.09 20.00 NOTE
r-devel-linux-x86_64-fedora-clang 0.1.0 11.00 25.42 36.42 NOTE
r-devel-linux-x86_64-fedora-gcc 0.1.0 32.99 NOTE
r-devel-windows-x86_64 0.1.0 6.00 39.00 45.00 OK
r-patched-linux-x86_64 0.1.0 3.21 19.08 22.29 OK
r-release-linux-x86_64 0.1.0 2.63 19.31 21.94 OK
r-release-macos-arm64 0.1.0 2.00 20.00 22.00 OK
r-release-macos-x86_64 0.1.0 4.00 26.00 30.00 OK
r-release-windows-x86_64 0.1.0 5.00 38.00 43.00 OK
r-oldrel-macos-arm64 0.1.0 2.00 15.00 17.00 OK
r-oldrel-macos-x86_64 0.1.0 4.00 25.00 29.00 OK
r-oldrel-windows-x86_64 0.1.0 7.00 43.00 50.00 OK

Check Details

Version: 0.1.0
Check: CRAN incoming feasibility
Result: NOTE Maintainer: ‘Mikkel Freltoft Krogsholm <mikkel@56n.dk>’ No Authors@R field in DESCRIPTION. Please add one, modifying Authors@R: person(given = c("Mikkel", "Freltoft"), family = "Krogsholm", role = c("aut", "cre"), email = "mikkel@56n.dk") as necessary. Flavors: r-devel-linux-x86_64-debian-clang, r-devel-linux-x86_64-debian-gcc

Version: 0.1.0
Check: dependencies in R code
Result: NOTE Namespace in Imports field not imported from: ‘tibble’ All declared Imports should be used. Flavors: r-devel-linux-x86_64-fedora-clang, r-devel-linux-x86_64-fedora-gcc

These binaries (installable software) and packages are in development.
They may not be fully stable and should be used with caution. We make no claims about them.