Last updated on 2025-10-03 23:49:47 CEST.
Flavor | Version | Tinstall | Tcheck | Ttotal | Status | Flags |
---|---|---|---|---|---|---|
r-devel-linux-x86_64-debian-clang | 1.3.3 | 74.75 | 162.42 | 237.17 | OK | |
r-devel-linux-x86_64-debian-gcc | 1.3.3 | 41.76 | 106.10 | 147.86 | OK | |
r-devel-linux-x86_64-fedora-clang | 1.3.3 | 404.48 | OK | |||
r-devel-linux-x86_64-fedora-gcc | 1.3.3 | 382.18 | OK | |||
r-devel-windows-x86_64 | 1.3.3 | 69.00 | 174.00 | 243.00 | OK | |
r-patched-linux-x86_64 | 1.3.3 | 68.77 | 150.78 | 219.55 | OK | |
r-release-linux-x86_64 | 1.3.3 | 67.07 | 152.03 | 219.10 | OK | |
r-release-macos-arm64 | 1.3.3 | 87.00 | OK | |||
r-release-macos-x86_64 | 1.3.3 | 184.00 | OK | |||
r-release-windows-x86_64 | 1.3.3 | 70.00 | 173.00 | 243.00 | OK | |
r-oldrel-macos-arm64 | 1.3.3 | 92.00 | NOTE | |||
r-oldrel-macos-x86_64 | 1.3.3 | 181.00 | NOTE | |||
r-oldrel-windows-x86_64 | 1.3.3 | 91.00 | 230.00 | 321.00 | OK |
Version: 1.3.3
Check: installed package size
Result: NOTE
installed size is 5.9Mb
sub-directories of 1Mb or more:
libs 4.7Mb
Flavors: r-oldrel-macos-arm64, r-oldrel-macos-x86_64
These binaries (installable software) and packages are in development.
They may not be fully stable and should be used with caution. We make no claims about them.