CRAN Package Check Results for Package binGroup2

Last updated on 2025-07-11 13:48:21 CEST.

Flavor Version Tinstall Tcheck Ttotal Status Flags
r-devel-linux-x86_64-debian-clang 1.3.1 71.46 152.17 223.63 OK
r-devel-linux-x86_64-debian-gcc 1.3.1 46.54 94.30 140.84 OK
r-devel-linux-x86_64-fedora-clang 1.3.1 367.69 OK
r-devel-linux-x86_64-fedora-gcc 1.3.1 353.62 OK
r-devel-windows-x86_64 1.3.1 71.00 170.00 241.00 OK
r-patched-linux-x86_64 1.3.1 65.94 143.76 209.70 OK
r-release-linux-x86_64 1.3.1 57.86 143.52 201.38 OK
r-release-macos-arm64 1.3.1 100.00 OK
r-release-macos-x86_64 1.3.1 163.00 OK
r-release-windows-x86_64 1.3.1 70.00 175.00 245.00 OK
r-oldrel-macos-arm64 1.3.1 87.00 NOTE
r-oldrel-macos-x86_64 1.3.1 135.00 NOTE
r-oldrel-windows-x86_64 1.3.1 90.00 219.00 309.00 OK

Check Details

Version: 1.3.1
Check: installed package size
Result: NOTE installed size is 5.7Mb sub-directories of 1Mb or more: libs 4.6Mb Flavors: r-oldrel-macos-arm64, r-oldrel-macos-x86_64

These binaries (installable software) and packages are in development.
They may not be fully stable and should be used with caution. We make no claims about them.