CRAN Package Check Results for Package binaryGP

Last updated on 2025-02-16 12:53:29 CET.

Flavor Version Tinstall Tcheck Ttotal Status Flags
r-devel-linux-x86_64-debian-clang 0.2 29.47 30.08 59.55 OK
r-devel-linux-x86_64-debian-gcc 0.2 21.22 22.97 44.19 OK
r-devel-linux-x86_64-fedora-clang 0.2 115.67 OK
r-devel-linux-x86_64-fedora-gcc 0.2 133.09 OK
r-devel-macos-arm64 0.2 29.00 OK
r-devel-macos-x86_64 0.2 45.00 OK
r-devel-windows-x86_64 0.2 34.00 72.00 106.00 OK
r-patched-linux-x86_64 0.2 27.36 28.86 56.22 NOTE
r-release-linux-x86_64 0.2 28.40 28.63 57.03 NOTE
r-release-macos-arm64 0.2 31.00 NOTE
r-release-macos-x86_64 0.2 52.00 NOTE
r-release-windows-x86_64 0.2 35.00 72.00 107.00 NOTE
r-oldrel-macos-arm64 0.2 37.00 NOTE
r-oldrel-macos-x86_64 0.2 61.00 NOTE
r-oldrel-windows-x86_64 0.2 42.00 73.00 115.00 NOTE

Check Details

Version: 0.2
Check: LazyData
Result: NOTE 'LazyData' is specified without a 'data' directory Flavors: r-patched-linux-x86_64, r-release-linux-x86_64, r-release-macos-arm64, r-release-macos-x86_64, r-release-windows-x86_64, r-oldrel-macos-arm64, r-oldrel-macos-x86_64, r-oldrel-windows-x86_64

These binaries (installable software) and packages are in development.
They may not be fully stable and should be used with caution. We make no claims about them.