Last updated on 2025-10-23 17:50:42 CEST.
| Flavor | Version | Tinstall | Tcheck | Ttotal | Status | Flags |
|---|---|---|---|---|---|---|
| r-devel-linux-x86_64-debian-clang | 1.0-3 | 2.54 | 41.23 | 43.77 | NOTE | |
| r-devel-linux-x86_64-debian-gcc | 1.0-3 | 2.34 | 29.95 | 32.29 | NOTE | |
| r-devel-linux-x86_64-fedora-clang | 1.0-3 | 13.00 | 51.88 | 64.88 | OK | |
| r-devel-linux-x86_64-fedora-gcc | 1.0-3 | 60.49 | OK | |||
| r-devel-windows-x86_64 | 1.0-3 | 4.00 | 64.00 | 68.00 | OK | |
| r-patched-linux-x86_64 | 1.0-3 | 3.26 | 38.87 | 42.13 | OK | |
| r-release-linux-x86_64 | 1.0-3 | 3.31 | 38.95 | 42.26 | OK | |
| r-release-macos-arm64 | 1.0-3 | 2.00 | 25.00 | 27.00 | OK | |
| r-release-macos-x86_64 | 1.0-3 | 3.00 | 37.00 | 40.00 | OK | |
| r-release-windows-x86_64 | 1.0-3 | 5.00 | 67.00 | 72.00 | OK | |
| r-oldrel-macos-arm64 | 1.0-3 | 2.00 | 24.00 | 26.00 | OK | |
| r-oldrel-macos-x86_64 | 1.0-3 | 3.00 | 31.00 | 34.00 | OK | |
| r-oldrel-windows-x86_64 | 1.0-3 | 6.00 | 75.00 | 81.00 | OK |
Version: 1.0-3
Check: CRAN incoming feasibility
Result: NOTE
Maintainer: ‘Matt Nunes <nunesrpackages@gmail.com>’
No Authors@R field in DESCRIPTION.
Please add one, modifying
Authors@R: person(given = "Matt",
family = "Nunes",
role = c("aut", "cre"),
email = "nunesrpackages@gmail.com")
as necessary.
Flavors: r-devel-linux-x86_64-debian-clang, r-devel-linux-x86_64-debian-gcc
These binaries (installable software) and packages are in development.
They may not be fully stable and should be used with caution. We make no claims about them.