CRAN Package Check Results for Package binhf

Last updated on 2025-05-01 08:52:28 CEST.

Flavor Version Tinstall Tcheck Ttotal Status Flags
r-devel-linux-x86_64-debian-clang 1.0-3 2.54 38.30 40.84 NOTE
r-devel-linux-x86_64-debian-gcc 1.0-3 1.68 28.33 30.01 NOTE
r-devel-linux-x86_64-fedora-clang 1.0-3 62.34 OK
r-devel-linux-x86_64-fedora-gcc 1.0-3 59.91 OK
r-devel-windows-x86_64 1.0-3 4.00 68.00 72.00 OK
r-patched-linux-x86_64 1.0-3 3.65 37.24 40.89 OK
r-release-linux-x86_64 OK
r-release-macos-arm64 1.0-3 27.00 OK
r-release-macos-x86_64 1.0-3 40.00 OK
r-release-windows-x86_64 1.0-3 4.00 77.00 81.00 OK
r-oldrel-macos-arm64 1.0-3 26.00 OK
r-oldrel-macos-x86_64 1.0-3 34.00 OK
r-oldrel-windows-x86_64 1.0-3 6.00 75.00 81.00 OK

Check Details

Version: 1.0-3
Check: CRAN incoming feasibility
Result: NOTE Maintainer: ‘Matt Nunes <nunesrpackages@gmail.com>’ No Authors@R field in DESCRIPTION. Please add one, modifying Authors@R: person(given = "Matt", family = "Nunes", role = c("aut", "cre"), email = "nunesrpackages@gmail.com") as necessary. Flavors: r-devel-linux-x86_64-debian-clang, r-devel-linux-x86_64-debian-gcc

These binaries (installable software) and packages are in development.
They may not be fully stable and should be used with caution. We make no claims about them.