Last updated on 2025-05-01 08:52:28 CEST.
Flavor | Version | Tinstall | Tcheck | Ttotal | Status | Flags |
---|---|---|---|---|---|---|
r-devel-linux-x86_64-debian-clang | 0.1.0 | 2.04 | 52.06 | 54.10 | NOTE | |
r-devel-linux-x86_64-debian-gcc | 0.1.0 | 1.65 | 35.09 | 36.74 | OK | |
r-devel-linux-x86_64-fedora-clang | 0.1.0 | 81.86 | OK | |||
r-devel-linux-x86_64-fedora-gcc | 0.1.0 | 93.14 | OK | |||
r-devel-windows-x86_64 | 0.1.0 | 3.00 | 67.00 | 70.00 | OK | |
r-patched-linux-x86_64 | 0.1.0 | 2.04 | 47.47 | 49.51 | OK | |
r-release-linux-x86_64 | OK | |||||
r-release-macos-arm64 | 0.1.0 | 32.00 | OK | |||
r-release-macos-x86_64 | 0.1.0 | 102.00 | OK | |||
r-release-windows-x86_64 | 0.1.0 | 3.00 | 69.00 | 72.00 | OK | |
r-oldrel-macos-arm64 | 0.1.0 | 33.00 | OK | |||
r-oldrel-macos-x86_64 | 0.1.0 | 50.00 | OK | |||
r-oldrel-windows-x86_64 | 0.1.0 | 3.00 | 77.00 | 80.00 | OK |
Version: 0.1.0
Check: examples
Result: NOTE
Examples with CPU (user + system) or elapsed time > 5s
user system elapsed
binomialRF 4.579 0.208 6.002
Flavor: r-devel-linux-x86_64-debian-clang
These binaries (installable software) and packages are in development.
They may not be fully stable and should be used with caution. We make no claims about them.