Last updated on 2025-05-02 18:50:03 CEST.
Flavor | Version | Tinstall | Tcheck | Ttotal | Status | Flags |
---|---|---|---|---|---|---|
r-devel-linux-x86_64-debian-clang | 0.1.1 | 2.15 | 25.68 | 27.83 | NOTE | |
r-devel-linux-x86_64-debian-gcc | 0.1.1 | 1.52 | 20.59 | 22.11 | NOTE | |
r-devel-linux-x86_64-fedora-clang | 0.1.1 | 44.84 | NOTE | |||
r-devel-linux-x86_64-fedora-gcc | 0.1.1 | 56.58 | NOTE | |||
r-devel-windows-x86_64 | 0.1.1 | 4.00 | 48.00 | 52.00 | OK | |
r-patched-linux-x86_64 | 0.1.1 | 2.23 | 24.78 | 27.01 | OK | |
r-release-linux-x86_64 | OK | |||||
r-release-macos-arm64 | 0.1.1 | 36.00 | OK | |||
r-release-macos-x86_64 | 0.1.1 | 59.00 | OK | |||
r-release-windows-x86_64 | 0.1.1 | 4.00 | 56.00 | 60.00 | OK | |
r-oldrel-macos-arm64 | 0.1.1 | 24.00 | NOTE | |||
r-oldrel-macos-x86_64 | 0.1.1 | 37.00 | NOTE | |||
r-oldrel-windows-x86_64 | 0.1.1 | 4.00 | 53.00 | 57.00 | NOTE |
Version: 0.1.1
Check: CRAN incoming feasibility
Result: NOTE
Maintainer: ‘Ping Liu <ping.liu@unimelb.edu.au>’
Package CITATION file contains call(s) to old-style personList() or
as.personList(). Please use c() on person objects instead.
Package CITATION file contains call(s) to old-style citEntry(). Please
use bibentry() instead.
Flavors: r-devel-linux-x86_64-debian-clang, r-devel-linux-x86_64-debian-gcc
Version: 0.1.1
Check: dependencies in R code
Result: NOTE
Namespace in Imports field not imported from: ‘gtools’
All declared Imports should be used.
Flavors: r-devel-linux-x86_64-fedora-clang, r-devel-linux-x86_64-fedora-gcc
Version: 0.1.1
Check: LazyData
Result: NOTE
'LazyData' is specified without a 'data' directory
Flavors: r-oldrel-macos-arm64, r-oldrel-macos-x86_64, r-oldrel-windows-x86_64
These binaries (installable software) and packages are in development.
They may not be fully stable and should be used with caution. We make no claims about them.