Last updated on 2025-02-23 07:51:48 CET.
Flavor | Version | Tinstall | Tcheck | Ttotal | Status | Flags |
---|---|---|---|---|---|---|
r-devel-linux-x86_64-debian-clang | 0.1.1 | 5.93 | 20.40 | 26.33 | OK | |
r-devel-linux-x86_64-debian-gcc | 0.1.1 | 3.73 | 16.79 | 20.52 | OK | |
r-devel-linux-x86_64-fedora-clang | 0.1.1 | 49.99 | WARN | |||
r-devel-linux-x86_64-fedora-gcc | 0.1.1 | 40.09 | OK | |||
r-devel-macos-arm64 | 0.1.1 | 18.00 | OK | |||
r-devel-macos-x86_64 | 0.1.1 | 42.00 | OK | |||
r-devel-windows-x86_64 | 0.1.1 | 9.00 | 47.00 | 56.00 | OK | |
r-patched-linux-x86_64 | 0.1.1 | 5.05 | 19.38 | 24.43 | OK | |
r-release-linux-x86_64 | 0.1.1 | 4.97 | 19.42 | 24.39 | OK | |
r-release-macos-arm64 | 0.1.1 | 22.00 | OK | |||
r-release-macos-x86_64 | 0.1.1 | 25.00 | OK | |||
r-release-windows-x86_64 | 0.1.1 | 8.00 | 45.00 | 53.00 | OK | |
r-oldrel-macos-arm64 | 0.1.1 | 23.00 | OK | |||
r-oldrel-macos-x86_64 | 0.1.1 | 37.00 | OK | |||
r-oldrel-windows-x86_64 | 0.1.1 | 9.00 | 49.00 | 58.00 | OK |
Version: 0.1.1
Check: whether package can be installed
Result: WARN
Found the following significant warnings:
/data/gannet/ripley/R/test-clang/cpp11/include/cpp11/R.hpp:52:31: warning: identifier '_xl' preceded by whitespace in a literal operator declaration is deprecated [-Wdeprecated-literal-operator]
/data/gannet/ripley/R/test-clang/cpp11/include/cpp11/named_arg.hpp:42:29: warning: identifier '_nm' preceded by whitespace in a literal operator declaration is deprecated [-Wdeprecated-literal-operator]
See ‘/data/gannet/ripley/R/packages/tests-clang/binpackr.Rcheck/00install.out’ for details.
* used C++ compiler: ‘clang version 20.1.0-rc2’
Flavor: r-devel-linux-x86_64-fedora-clang
These binaries (installable software) and packages are in development.
They may not be fully stable and should be used with caution. We make no claims about them.