CRAN Package Check Results for Package binspp

Last updated on 2025-02-23 17:49:33 CET.

Flavor Version Tinstall Tcheck Ttotal Status Flags
r-devel-linux-x86_64-debian-clang 0.1.26 72.65 105.09 177.74 OK
r-devel-linux-x86_64-debian-gcc 0.1.26 54.69 75.37 130.06 OK
r-devel-linux-x86_64-fedora-clang 0.1.26 291.53 OK
r-devel-linux-x86_64-fedora-gcc 0.1.26 300.02 OK
r-devel-macos-arm64 0.1.26 83.00 OK
r-devel-macos-x86_64 0.1.26 152.00 OK
r-devel-windows-x86_64 0.1.26 66.00 153.00 219.00 OK
r-patched-linux-x86_64 0.1.26 68.83 100.54 169.37 OK
r-release-linux-x86_64 0.1.26 62.38 99.23 161.61 OK
r-release-macos-arm64 0.1.26 82.00 NOTE
r-release-macos-x86_64 0.1.26 101.00 NOTE
r-release-windows-x86_64 0.1.26 67.00 140.00 207.00 OK
r-oldrel-macos-arm64 0.1.26 88.00 NOTE
r-oldrel-macos-x86_64 0.1.26 142.00 NOTE
r-oldrel-windows-x86_64 0.1.26 91.00 175.00 266.00 OK

Check Details

Version: 0.1.26
Check: installed package size
Result: NOTE installed size is 5.5Mb sub-directories of 1Mb or more: data 1.1Mb libs 4.2Mb Flavors: r-release-macos-arm64, r-release-macos-x86_64, r-oldrel-macos-arm64, r-oldrel-macos-x86_64

These binaries (installable software) and packages are in development.
They may not be fully stable and should be used with caution. We make no claims about them.