Last updated on 2025-05-07 15:49:11 CEST.
Flavor | Version | Tinstall | Tcheck | Ttotal | Status | Flags |
---|---|---|---|---|---|---|
r-devel-linux-x86_64-debian-clang | 1.1 | 21.56 | 123.32 | 144.88 | NOTE | |
r-devel-linux-x86_64-debian-gcc | 1.1 | 14.82 | 79.29 | 94.11 | NOTE | |
r-devel-linux-x86_64-fedora-clang | 1.1 | 217.38 | OK | |||
r-devel-linux-x86_64-fedora-gcc | 1.1 | 211.46 | OK | |||
r-devel-windows-x86_64 | 1.1 | 20.00 | 113.00 | 133.00 | OK | |
r-patched-linux-x86_64 | 1.1 | 21.69 | 112.97 | 134.66 | OK | |
r-release-linux-x86_64 | 1.1 | 20.14 | 112.47 | 132.61 | OK | |
r-release-macos-arm64 | 1.1 | 63.00 | OK | |||
r-release-macos-x86_64 | 1.1 | 104.00 | OK | |||
r-release-windows-x86_64 | 1.1 | 21.00 | 113.00 | 134.00 | OK | |
r-oldrel-macos-arm64 | 1.1 | 53.00 | OK | |||
r-oldrel-macos-x86_64 | 1.1 | 161.00 | OK | |||
r-oldrel-windows-x86_64 | 1.1 | 28.00 | 145.00 | 173.00 | OK |
Version: 1.1
Check: CRAN incoming feasibility
Result: NOTE
Maintainer: ‘Yingjie Feng <fengyingjiepku@gmail.com>’
No Authors@R field in DESCRIPTION.
Please add one, modifying
Authors@R: c(person(given = c("Matias", "D."),
family = "Cattaneo",
role = "aut"),
person(given = c("Richard", "K."),
family = "Crump",
role = "aut"),
person(given = c("Max", "H."),
family = "Farrell",
role = "aut"),
person(given = "Yingjie",
family = "Feng",
role = c("aut", "cre"),
email = "fengyingjiepku@gmail.com"))
as necessary.
Flavors: r-devel-linux-x86_64-debian-clang, r-devel-linux-x86_64-debian-gcc
These binaries (installable software) and packages are in development.
They may not be fully stable and should be used with caution. We make no claims about them.