Last updated on 2025-11-11 15:50:28 CET.
| Flavor | Version | Tinstall | Tcheck | Ttotal | Status | Flags |
|---|---|---|---|---|---|---|
| r-devel-linux-x86_64-debian-clang | 1.3-6 | 5.09 | 52.65 | 57.74 | NOTE | |
| r-devel-linux-x86_64-debian-gcc | 1.3-6 | 4.94 | 46.33 | 51.27 | NOTE | |
| r-devel-linux-x86_64-fedora-clang | 1.3-6 | 21.00 | 73.59 | 94.59 | OK | |
| r-devel-linux-x86_64-fedora-gcc | 1.3-6 | 83.74 | OK | |||
| r-devel-windows-x86_64 | 1.3-6 | 6.00 | 65.00 | 71.00 | OK | |
| r-patched-linux-x86_64 | 1.3-6 | 5.02 | 46.25 | 51.27 | OK | |
| r-release-linux-x86_64 | 1.3-6 | 4.42 | 45.98 | 50.40 | OK | |
| r-release-macos-arm64 | 1.3-6 | 5.00 | 35.00 | 40.00 | OK | |
| r-release-macos-x86_64 | 1.3-6 | 7.00 | 68.00 | 75.00 | OK | |
| r-release-windows-x86_64 | 1.3-6 | 5.00 | 65.00 | 70.00 | OK | |
| r-oldrel-macos-arm64 | 1.3-6 | 3.00 | 32.00 | 35.00 | OK | |
| r-oldrel-macos-x86_64 | 1.3-6 | 4.00 | 40.00 | 44.00 | OK | |
| r-oldrel-windows-x86_64 | 1.3-6 | 5.00 | 65.00 | 70.00 | OK |
Version: 1.3-6
Check: CRAN incoming feasibility
Result: NOTE
Maintainer: ‘Lester L. Yuan <yuan.lester@epa.gov>’
No Authors@R field in DESCRIPTION.
Please add one, modifying
Authors@R: person(given = c("Lester", "L."),
family = "Yuan",
role = c("aut", "cre"),
email = "yuan.lester@epa.gov")
as necessary.
Flavors: r-devel-linux-x86_64-debian-clang, r-devel-linux-x86_64-debian-gcc
These binaries (installable software) and packages are in development.
They may not be fully stable and should be used with caution. We make no claims about them.