Last updated on 2025-07-19 13:50:06 CEST.
Flavor | Version | Tinstall | Tcheck | Ttotal | Status | Flags |
---|---|---|---|---|---|---|
r-devel-linux-x86_64-debian-clang | 2.4-5 | 49.78 | 176.00 | 225.78 | OK | |
r-devel-linux-x86_64-debian-gcc | 2.4-5 | 36.82 | 117.12 | 153.94 | OK | |
r-devel-linux-x86_64-fedora-clang | 2.4-5 | 380.07 | OK | |||
r-devel-linux-x86_64-fedora-gcc | 2.4-5 | 378.41 | OK | |||
r-devel-windows-x86_64 | 2.4-5 | 58.00 | 242.00 | 300.00 | OK | |
r-patched-linux-x86_64 | 2.4-5 | 58.00 | 170.88 | 228.88 | OK | |
r-release-linux-x86_64 | 2.4-5 | 47.88 | 172.39 | 220.27 | OK | |
r-release-macos-arm64 | 2.4-5 | 95.00 | OK | |||
r-release-macos-x86_64 | 2.4-5 | 274.00 | OK | |||
r-release-windows-x86_64 | 2.4-5 | 60.00 | 246.00 | 306.00 | OK | |
r-oldrel-macos-arm64 | 2.4-5 | 92.00 | NOTE | |||
r-oldrel-macos-x86_64 | 2.4-5 | 260.00 | NOTE | |||
r-oldrel-windows-x86_64 | 2.4-5 | 66.00 | 298.00 | 364.00 | OK |
Version: 2.4-5
Check: installed package size
Result: NOTE
installed size is 6.7Mb
sub-directories of 1Mb or more:
R 1.0Mb
libs 3.0Mb
Flavors: r-oldrel-macos-arm64, r-oldrel-macos-x86_64
These binaries (installable software) and packages are in development.
They may not be fully stable and should be used with caution. We make no claims about them.