Last updated on 2025-05-01 08:52:28 CEST.
Flavor | Version | Tinstall | Tcheck | Ttotal | Status | Flags |
---|---|---|---|---|---|---|
r-devel-linux-x86_64-debian-clang | 2.4-5 | 53.04 | 181.04 | 234.08 | OK | |
r-devel-linux-x86_64-debian-gcc | 2.4-5 | 38.57 | 118.71 | 157.28 | OK | |
r-devel-linux-x86_64-fedora-clang | 2.4-5 | 440.77 | OK | |||
r-devel-linux-x86_64-fedora-gcc | 2.4-5 | 386.12 | OK | |||
r-devel-windows-x86_64 | 2.4-5 | 58.00 | 250.00 | 308.00 | OK | |
r-patched-linux-x86_64 | 2.4-5 | 54.27 | 170.72 | 224.99 | OK | |
r-release-linux-x86_64 | OK | |||||
r-release-macos-arm64 | 2.4-5 | 95.00 | OK | |||
r-release-macos-x86_64 | 2.4-5 | 274.00 | OK | |||
r-release-windows-x86_64 | 2.4-5 | 59.00 | 259.00 | 318.00 | OK | |
r-oldrel-macos-arm64 | 2.4-5 | 92.00 | NOTE | |||
r-oldrel-macos-x86_64 | 2.4-5 | 260.00 | NOTE | |||
r-oldrel-windows-x86_64 | 2.4-5 | 66.00 | 302.00 | 368.00 | OK |
Version: 2.4-5
Check: installed package size
Result: NOTE
installed size is 6.7Mb
sub-directories of 1Mb or more:
R 1.0Mb
libs 3.0Mb
Flavors: r-oldrel-macos-arm64, r-oldrel-macos-x86_64
These binaries (installable software) and packages are in development.
They may not be fully stable and should be used with caution. We make no claims about them.