Last updated on 2025-11-13 17:50:28 CET.
| Flavor | Version | Tinstall | Tcheck | Ttotal | Status | Flags |
|---|---|---|---|---|---|---|
| r-devel-linux-x86_64-debian-clang | 1.2.1 | 1.89 | 23.99 | 25.88 | NOTE | |
| r-devel-linux-x86_64-debian-gcc | 1.2.1 | 1.61 | 19.51 | 21.12 | NOTE | |
| r-devel-linux-x86_64-fedora-clang | 1.2.1 | 39.89 | OK | |||
| r-devel-linux-x86_64-fedora-gcc | 1.2.1 | 51.63 | OK | |||
| r-devel-windows-x86_64 | 1.2.1 | 4.00 | 49.00 | 53.00 | OK | |
| r-patched-linux-x86_64 | 1.2.1 | 1.96 | 22.43 | 24.39 | OK | |
| r-release-linux-x86_64 | 1.2.1 | 1.75 | 22.39 | 24.14 | OK | |
| r-release-macos-arm64 | 1.2.1 | 1.00 | 41.00 | 42.00 | OK | |
| r-release-macos-x86_64 | 1.2.1 | 3.00 | 75.00 | 78.00 | OK | |
| r-release-windows-x86_64 | 1.2.1 | 4.00 | 49.00 | 53.00 | OK | |
| r-oldrel-macos-arm64 | 1.2.1 | 1.00 | 35.00 | 36.00 | OK | |
| r-oldrel-macos-x86_64 | 1.2.1 | 2.00 | 40.00 | 42.00 | OK | |
| r-oldrel-windows-x86_64 | 1.2.1 | 3.00 | 52.00 | 55.00 | OK |
Version: 1.2.1
Check: CRAN incoming feasibility
Result: NOTE
Maintainer: ‘Marcelo Ponce <m.ponce@utoronto.ca>’
No Authors@R field in DESCRIPTION.
Please add one, modifying
Authors@R: person(given = "Marcelo",
family = "Ponce",
role = c("aut", "cre"),
email = "m.ponce@utoronto.ca")
as necessary.
Flavors: r-devel-linux-x86_64-debian-clang, r-devel-linux-x86_64-debian-gcc
These binaries (installable software) and packages are in development.
They may not be fully stable and should be used with caution. We make no claims about them.