Last updated on 2025-02-16 10:50:42 CET.
Flavor | Version | Tinstall | Tcheck | Ttotal | Status | Flags |
---|---|---|---|---|---|---|
r-devel-linux-x86_64-debian-clang | 0.8.1 | 11.68 | 369.67 | 381.35 | OK | |
r-devel-linux-x86_64-debian-gcc | 0.8.1 | 7.85 | 253.83 | 261.68 | OK | |
r-devel-linux-x86_64-fedora-clang | 0.8.1 | 653.66 | OK | |||
r-devel-linux-x86_64-fedora-gcc | 0.8.1 | 605.05 | OK | |||
r-devel-macos-arm64 | 0.8.1 | 205.00 | OK | |||
r-devel-macos-x86_64 | 0.8.1 | 473.00 | OK | |||
r-devel-windows-x86_64 | 0.8.1 | 17.00 | 991.00 | 1008.00 | OK | |
r-patched-linux-x86_64 | 0.8.1 | 13.13 | 357.71 | 370.84 | OK | |
r-release-linux-x86_64 | 0.8.1 | 10.84 | 357.16 | 368.00 | OK | |
r-release-macos-arm64 | 0.8.1 | 192.00 | NOTE | |||
r-release-macos-x86_64 | 0.8.1 | 518.00 | NOTE | |||
r-release-windows-x86_64 | 0.8.1 | 16.00 | 403.00 | 419.00 | NOTE | |
r-oldrel-macos-arm64 | 0.8.1 | 216.00 | NOTE | |||
r-oldrel-macos-x86_64 | 0.8.1 | 428.00 | NOTE | |||
r-oldrel-windows-x86_64 | 0.8.1 | 21.00 | 490.00 | 511.00 | NOTE |
Version: 0.8.1
Check: installed package size
Result: NOTE
installed size is 5.6Mb
sub-directories of 1Mb or more:
data 1.6Mb
extdata 2.0Mb
Flavors: r-release-macos-arm64, r-release-macos-x86_64, r-release-windows-x86_64, r-oldrel-macos-arm64, r-oldrel-macos-x86_64, r-oldrel-windows-x86_64
These binaries (installable software) and packages are in development.
They may not be fully stable and should be used with caution. We make no claims about them.