CRAN Package Check Results for Package bioRad

Last updated on 2025-05-01 12:49:23 CEST.

Flavor Version Tinstall Tcheck Ttotal Status Flags
r-devel-linux-x86_64-debian-clang 0.9.1 12.53 386.55 399.08 NOTE
r-devel-linux-x86_64-debian-gcc 0.9.1 8.25 262.28 270.53 OK
r-devel-linux-x86_64-fedora-clang 0.9.1 682.49 OK
r-devel-linux-x86_64-fedora-gcc 0.9.1 615.14 OK
r-devel-windows-x86_64 0.9.1 16.00 424.00 440.00 OK
r-patched-linux-x86_64 0.9.1 13.71 373.68 387.39 OK
r-release-linux-x86_64 OK
r-release-macos-arm64 0.9.1 168.00 OK
r-release-macos-x86_64 0.9.1 349.00 OK
r-release-windows-x86_64 0.9.1 17.00 426.00 443.00 OK
r-oldrel-macos-arm64 0.9.1 200.00 NOTE
r-oldrel-macos-x86_64 0.9.1 394.00 NOTE
r-oldrel-windows-x86_64 0.9.1 21.00 553.00 574.00 NOTE

Check Details

Version: 0.9.1
Check: examples
Result: NOTE Examples with CPU (user + system) or elapsed time > 5s user system elapsed plot.scan 10.240 0.253 14.005 write_pvolfile 4.786 0.174 6.008 Flavor: r-devel-linux-x86_64-debian-clang

Version: 0.9.1
Check: examples
Result: NA user system elapsed plot.scan 6.426 0.223 7.128 OK Flavor: r-devel-linux-x86_64-debian-gcc

Version: 0.9.1
Check: installed package size
Result: NOTE installed size is 5.6Mb sub-directories of 1Mb or more: data 1.6Mb extdata 2.0Mb Flavors: r-oldrel-macos-arm64, r-oldrel-macos-x86_64, r-oldrel-windows-x86_64

These binaries (installable software) and packages are in development.
They may not be fully stable and should be used with caution. We make no claims about them.