Last updated on 2025-02-16 10:50:42 CET.
Flavor | Version | Tinstall | Tcheck | Ttotal | Status | Flags |
---|---|---|---|---|---|---|
r-devel-linux-x86_64-debian-clang | 0.2.2 | 1.46 | 15.82 | 17.28 | NOTE | |
r-devel-linux-x86_64-debian-gcc | 0.2.2 | 1.22 | 13.10 | 14.32 | NOTE | |
r-devel-linux-x86_64-fedora-clang | 0.2.2 | 28.78 | NOTE | |||
r-devel-linux-x86_64-fedora-gcc | 0.2.2 | 27.10 | NOTE | |||
r-devel-macos-arm64 | 0.2.2 | 14.00 | OK | |||
r-devel-macos-x86_64 | 0.2.2 | 29.00 | NOTE | |||
r-devel-windows-x86_64 | 0.2.2 | 3.00 | 38.00 | 41.00 | NOTE | |
r-patched-linux-x86_64 | 0.2.2 | 1.56 | 15.03 | 16.59 | OK | |
r-release-linux-x86_64 | 0.2.2 | 1.16 | 15.17 | 16.33 | OK | |
r-release-macos-arm64 | 0.2.2 | 16.00 | OK | |||
r-release-macos-x86_64 | 0.2.2 | 19.00 | OK | |||
r-release-windows-x86_64 | 0.2.2 | 3.00 | 38.00 | 41.00 | OK | |
r-oldrel-macos-arm64 | 0.2.2 | 17.00 | OK | |||
r-oldrel-macos-x86_64 | 0.2.2 | 28.00 | OK | |||
r-oldrel-windows-x86_64 | 0.2.2 | 2.00 | 39.00 | 41.00 | OK |
Version: 0.2.2
Check: DESCRIPTION meta-information
Result: NOTE
Missing dependency on R >= 4.1.0 because package code uses the pipe
|> or function shorthand \(...) syntax added in R 4.1.0.
File(s) using such syntax:
‘bbassets.R’
Flavors: r-devel-linux-x86_64-debian-clang, r-devel-linux-x86_64-debian-gcc, r-devel-linux-x86_64-fedora-clang, r-devel-linux-x86_64-fedora-gcc, r-devel-macos-x86_64, r-devel-windows-x86_64
These binaries (installable software) and packages are in development.
They may not be fully stable and should be used with caution. We make no claims about them.