Last updated on 2025-10-23 11:50:08 CEST.
Flavor | Version | Tinstall | Tcheck | Ttotal | Status | Flags |
---|---|---|---|---|---|---|
r-devel-linux-x86_64-debian-clang | 1.0.7 | 27.14 | 229.05 | 256.19 | NOTE | |
r-devel-linux-x86_64-debian-gcc | 1.0.7 | 17.63 | 156.77 | 174.40 | OK | |
r-devel-linux-x86_64-fedora-clang | 1.0.7 | 131.00 | 275.61 | 406.61 | OK | |
r-devel-linux-x86_64-fedora-gcc | 1.0.7 | 46.00 | 323.59 | 369.59 | OK | |
r-devel-windows-x86_64 | 1.0.7 | 26.00 | 228.00 | 254.00 | OK | |
r-patched-linux-x86_64 | 1.0.7 | 25.88 | 214.52 | 240.40 | OK | |
r-release-linux-x86_64 | 1.0.7 | 20.92 | 212.64 | 233.56 | OK | |
r-release-macos-arm64 | 1.0.7 | 10.00 | 105.00 | 115.00 | OK | |
r-release-macos-x86_64 | 1.0.7 | 31.00 | 215.00 | 246.00 | OK | |
r-release-windows-x86_64 | 1.0.7 | 30.00 | 226.00 | 256.00 | OK | |
r-oldrel-macos-arm64 | 1.0.7 | 10.00 | 92.00 | 102.00 | OK | |
r-oldrel-macos-x86_64 | 1.0.7 | 18.00 | 161.00 | 179.00 | OK | |
r-oldrel-windows-x86_64 | 1.0.7 | 36.00 | 292.00 | 328.00 | OK |
Version: 1.0.7
Check: HTML version of manual
Result: NOTE
Found the following HTML validation problems:
getUniProtInfo.html:55:1 (getUniProtInfo.Rd:15): Warning: missing </ul> before </div>
Flavor: r-devel-linux-x86_64-debian-clang
These binaries (installable software) and packages are in development.
They may not be fully stable and should be used with caution. We make no claims about them.