Last updated on 2025-10-24 11:50:41 CEST.
| Flavor | Version | Tinstall | Tcheck | Ttotal | Status | Flags |
|---|---|---|---|---|---|---|
| r-devel-linux-x86_64-debian-clang | 1.1 | 1.19 | 27.24 | 28.43 | NOTE | |
| r-devel-linux-x86_64-debian-gcc | 1.1 | 1.13 | 23.21 | 24.34 | NOTE | |
| r-devel-linux-x86_64-fedora-clang | 1.1 | 38.63 | OK | |||
| r-devel-linux-x86_64-fedora-gcc | 1.1 | 36.73 | OK | |||
| r-devel-windows-x86_64 | 1.1 | 3.00 | 47.00 | 50.00 | OK | |
| r-patched-linux-x86_64 | 1.1 | 1.41 | 25.71 | 27.12 | OK | |
| r-release-linux-x86_64 | 1.1 | 1.34 | 25.53 | 26.87 | OK | |
| r-release-macos-arm64 | 1.1 | 1.00 | 18.00 | 19.00 | OK | |
| r-release-macos-x86_64 | 1.1 | 2.00 | 42.00 | 44.00 | OK | |
| r-release-windows-x86_64 | 1.1 | 2.00 | 51.00 | 53.00 | OK | |
| r-oldrel-macos-arm64 | 1.1 | 1.00 | 21.00 | 22.00 | OK | |
| r-oldrel-macos-x86_64 | 1.1 | 1.00 | 27.00 | 28.00 | OK | |
| r-oldrel-windows-x86_64 | 1.1 | 2.00 | 50.00 | 52.00 | OK |
Version: 1.1
Check: CRAN incoming feasibility
Result: NOTE
Maintainer: ‘Giorgio Valentini<valentini@di.unimi.it>’
No Authors@R field in DESCRIPTION.
Please add one, modifying
Authors@R: c(person(given = "Giorgio",
family = "Valentini",
role = c("aut", "cre"),
email = "valentini@di.unimi.it"),
person(given = c("Matteo", "Re", "--", "Universita'", "degli", "Studi", "di"),
family = "Milano",
role = "aut"))
as necessary.
Flavors: r-devel-linux-x86_64-debian-clang, r-devel-linux-x86_64-debian-gcc
These binaries (installable software) and packages are in development.
They may not be fully stable and should be used with caution. We make no claims about them.