Last updated on 2025-11-12 12:53:05 CET.
| Flavor | Version | Tinstall | Tcheck | Ttotal | Status | Flags |
|---|---|---|---|---|---|---|
| r-devel-linux-x86_64-debian-clang | 1.2.0 | 9.20 | 101.36 | 110.56 | OK | |
| r-devel-linux-x86_64-debian-gcc | 1.2.0 | 7.23 | 76.59 | 83.82 | OK | |
| r-devel-linux-x86_64-fedora-clang | 1.2.0 | 50.00 | 111.02 | 161.02 | OK | |
| r-devel-linux-x86_64-fedora-gcc | 1.2.0 | 20.00 | 138.14 | 158.14 | OK | |
| r-devel-windows-x86_64 | 1.2.0 | 10.00 | 95.00 | 105.00 | OK | |
| r-patched-linux-x86_64 | 1.2.0 | 9.02 | 88.37 | 97.39 | OK | |
| r-release-linux-x86_64 | 1.2.0 | 8.86 | 88.84 | 97.70 | OK | |
| r-release-macos-arm64 | 1.2.0 | 10.00 | 86.00 | 96.00 | OK | |
| r-release-macos-x86_64 | 1.2.0 | 59.00 | 185.00 | 244.00 | OK | |
| r-release-windows-x86_64 | 1.2.0 | 12.00 | 98.00 | 110.00 | OK | |
| r-oldrel-macos-arm64 | 1.2.0 | 5.00 | 61.00 | 66.00 | NOTE | |
| r-oldrel-macos-x86_64 | 1.2.0 | 31.00 | 94.00 | 125.00 | NOTE | |
| r-oldrel-windows-x86_64 | 1.2.0 | 14.00 | 115.00 | 129.00 | NOTE |
Version: 1.2.0
Check: installed package size
Result: NOTE
installed size is 5.3Mb
sub-directories of 1Mb or more:
data 1.0Mb
doc 3.2Mb
Flavors: r-oldrel-macos-arm64, r-oldrel-macos-x86_64, r-oldrel-windows-x86_64
These binaries (installable software) and packages are in development.
They may not be fully stable and should be used with caution. We make no claims about them.