Last updated on 2025-07-02 05:50:11 CEST.
Flavor | Version | Tinstall | Tcheck | Ttotal | Status | Flags |
---|---|---|---|---|---|---|
r-devel-linux-x86_64-debian-clang | 1.2.0 | 35.04 | 197.28 | 232.32 | OK | |
r-devel-linux-x86_64-debian-gcc | 1.2.0 | 22.40 | 138.42 | 160.82 | OK | |
r-devel-linux-x86_64-fedora-clang | 1.2.0 | 364.67 | OK | |||
r-devel-linux-x86_64-fedora-gcc | 1.2.0 | 372.86 | OK | |||
r-devel-windows-x86_64 | 1.2.0 | 37.00 | 204.00 | 241.00 | OK | |
r-patched-linux-x86_64 | OK | |||||
r-release-linux-x86_64 | 1.2.0 | 31.43 | 183.32 | 214.75 | OK | |
r-release-macos-arm64 | 1.2.0 | 86.00 | OK | |||
r-release-macos-x86_64 | 1.2.0 | 163.00 | OK | |||
r-release-windows-x86_64 | 1.2.0 | 38.00 | 199.00 | 237.00 | OK | |
r-oldrel-macos-arm64 | 1.2.0 | 91.00 | NOTE | |||
r-oldrel-macos-x86_64 | 1.2.0 | 183.00 | NOTE | |||
r-oldrel-windows-x86_64 | 1.2.0 | 49.00 | 258.00 | 307.00 | NOTE |
Version: 1.2.0
Check: installed package size
Result: NOTE
installed size is 6.0Mb
sub-directories of 1Mb or more:
data 1.7Mb
help 2.4Mb
Flavors: r-oldrel-macos-arm64, r-oldrel-macos-x86_64, r-oldrel-windows-x86_64
These binaries (installable software) and packages are in development.
They may not be fully stable and should be used with caution. We make no claims about them.