Last updated on 2025-02-16 10:50:42 CET.
Flavor | Version | Tinstall | Tcheck | Ttotal | Status | Flags |
---|---|---|---|---|---|---|
r-devel-linux-x86_64-debian-clang | 1.2.0 | 32.40 | 188.03 | 220.43 | OK | |
r-devel-linux-x86_64-debian-gcc | 1.2.0 | 21.92 | 126.49 | 148.41 | OK | |
r-devel-linux-x86_64-fedora-clang | 1.2.0 | 380.60 | OK | |||
r-devel-linux-x86_64-fedora-gcc | 1.2.0 | 339.96 | OK | |||
r-devel-macos-arm64 | 1.2.0 | 76.00 | OK | |||
r-devel-macos-x86_64 | 1.2.0 | 163.00 | OK | |||
r-devel-windows-x86_64 | 1.2.0 | 35.00 | 204.00 | 239.00 | OK | |
r-patched-linux-x86_64 | 1.2.0 | 33.45 | 172.75 | 206.20 | OK | |
r-release-linux-x86_64 | 1.2.0 | 30.58 | 171.03 | 201.61 | OK | |
r-release-macos-arm64 | 1.2.0 | 91.00 | NOTE | |||
r-release-macos-x86_64 | 1.2.0 | 183.00 | NOTE | |||
r-release-windows-x86_64 | 1.2.0 | 38.00 | 189.00 | 227.00 | NOTE | |
r-oldrel-macos-arm64 | 1.1.1-1 | 101.00 | NOTE | |||
r-oldrel-macos-x86_64 | 1.2.0 | 198.00 | NOTE | |||
r-oldrel-windows-x86_64 | 1.2.0 | 50.00 | 238.00 | 288.00 | NOTE |
Version: 1.2.0
Check: installed package size
Result: NOTE
installed size is 6.0Mb
sub-directories of 1Mb or more:
data 1.7Mb
help 2.4Mb
Flavors: r-release-macos-arm64, r-release-macos-x86_64, r-release-windows-x86_64, r-oldrel-macos-x86_64, r-oldrel-windows-x86_64
Version: 1.1.1-1
Check: installed package size
Result: NOTE
installed size is 6.1Mb
sub-directories of 1Mb or more:
data 1.7Mb
help 2.6Mb
Flavor: r-oldrel-macos-arm64
These binaries (installable software) and packages are in development.
They may not be fully stable and should be used with caution. We make no claims about them.