CRAN Package Check Results for Package biosensors.usc

Last updated on 2025-07-19 21:49:31 CEST.

Flavor Version Tinstall Tcheck Ttotal Status Flags
r-devel-linux-x86_64-debian-clang 1.0 31.60 100.74 132.34 OK
r-devel-linux-x86_64-debian-gcc 1.0 23.62 74.12 97.74 OK
r-devel-linux-x86_64-fedora-clang 1.0 211.46 NOTE
r-devel-linux-x86_64-fedora-gcc 1.0 213.65 NOTE
r-devel-windows-x86_64 1.0 35.00 126.00 161.00 OK
r-patched-linux-x86_64 1.0 30.29 94.46 124.75 OK
r-release-linux-x86_64 1.0 30.59 95.20 125.79 OK
r-release-macos-arm64 1.0 70.00 OK
r-release-macos-x86_64 1.0 132.00 OK
r-release-windows-x86_64 1.0 36.00 126.00 162.00 OK
r-oldrel-macos-arm64 1.0 64.00 NOTE
r-oldrel-macos-x86_64 1.0 92.00 NOTE
r-oldrel-windows-x86_64 1.0 45.00 160.00 205.00 NOTE

Check Details

Version: 1.0
Check: dependencies in R code
Result: NOTE Namespace in Imports field not imported from: ‘Rcpp’ All declared Imports should be used. Flavors: r-devel-linux-x86_64-fedora-clang, r-devel-linux-x86_64-fedora-gcc

Version: 1.0
Check: installed package size
Result: NOTE installed size is 8.2Mb sub-directories of 1Mb or more: extdata 4.8Mb libs 2.7Mb Flavors: r-oldrel-macos-arm64, r-oldrel-macos-x86_64, r-oldrel-windows-x86_64

These binaries (installable software) and packages are in development.
They may not be fully stable and should be used with caution. We make no claims about them.