CRAN Package Check Results for Package biosensors.usc

Last updated on 2025-05-08 04:52:00 CEST.

Flavor Version Tinstall Tcheck Ttotal Status Flags
r-devel-linux-x86_64-debian-clang 1.0 30.97 98.27 129.24 OK
r-devel-linux-x86_64-debian-gcc 1.0 22.81 73.83 96.64 OK
r-devel-linux-x86_64-fedora-clang 1.0 221.72 NOTE
r-devel-linux-x86_64-fedora-gcc 1.0 228.05 NOTE
r-devel-windows-x86_64 1.0 39.00 125.00 164.00 OK
r-patched-linux-x86_64 1.0 30.31 96.12 126.43 OK
r-release-linux-x86_64 1.0 29.30 95.20 124.50 OK
r-release-macos-arm64 1.0 70.00 OK
r-release-macos-x86_64 1.0 132.00 OK
r-release-windows-x86_64 1.0 37.00 132.00 169.00 OK
r-oldrel-macos-arm64 1.0 64.00 NOTE
r-oldrel-macos-x86_64 1.0 92.00 NOTE
r-oldrel-windows-x86_64 1.0 46.00 157.00 203.00 NOTE

Check Details

Version: 1.0
Check: dependencies in R code
Result: NOTE Namespace in Imports field not imported from: ‘Rcpp’ All declared Imports should be used. Flavors: r-devel-linux-x86_64-fedora-clang, r-devel-linux-x86_64-fedora-gcc

Version: 1.0
Check: installed package size
Result: NOTE installed size is 8.2Mb sub-directories of 1Mb or more: extdata 4.8Mb libs 2.7Mb Flavors: r-oldrel-macos-arm64, r-oldrel-macos-x86_64, r-oldrel-windows-x86_64

These binaries (installable software) and packages are in development.
They may not be fully stable and should be used with caution. We make no claims about them.