Last updated on 2025-10-23 23:49:24 CEST.
| Flavor | Version | Tinstall | Tcheck | Ttotal | Status | Flags |
|---|---|---|---|---|---|---|
| r-devel-linux-x86_64-debian-clang | 0.1.2 | 1.79 | 28.81 | 30.60 | NOTE | |
| r-devel-linux-x86_64-debian-gcc | 0.1.2 | 1.57 | 23.20 | 24.77 | NOTE | |
| r-devel-linux-x86_64-fedora-clang | 0.1.2 | 49.32 | OK | |||
| r-devel-linux-x86_64-fedora-gcc | 0.1.2 | 59.00 | OK | |||
| r-devel-windows-x86_64 | 0.1.2 | 4.00 | 49.00 | 53.00 | OK | |
| r-patched-linux-x86_64 | 0.1.2 | 2.29 | 27.50 | 29.79 | OK | |
| r-release-linux-x86_64 | 0.1.2 | 1.90 | 27.47 | 29.37 | OK | |
| r-release-macos-arm64 | 0.1.2 | 2.00 | 30.00 | 32.00 | OK | |
| r-release-macos-x86_64 | 0.1.2 | 3.00 | 67.00 | 70.00 | OK | |
| r-release-windows-x86_64 | 0.1.2 | 4.00 | 52.00 | 56.00 | OK | |
| r-oldrel-macos-arm64 | 0.1.2 | 1.00 | 30.00 | 31.00 | OK | |
| r-oldrel-macos-x86_64 | 0.1.2 | 2.00 | 36.00 | 38.00 | OK | |
| r-oldrel-windows-x86_64 | 0.1.2 | 4.00 | 57.00 | 61.00 | OK |
Version: 0.1.2
Check: CRAN incoming feasibility
Result: NOTE
Maintainer: ‘Dr Rob Briers <r.briers@napier.ac.uk>’
No Authors@R field in DESCRIPTION.
Please add one, modifying
Authors@R: person(given = c("Dr", "Rob"),
family = "Briers",
role = c("aut", "cre"),
email = "r.briers@napier.ac.uk")
as necessary.
Package CITATION file contains call(s) to old-style citEntry(). Please
use bibentry() instead.
Flavors: r-devel-linux-x86_64-debian-clang, r-devel-linux-x86_64-debian-gcc
These binaries (installable software) and packages are in development.
They may not be fully stable and should be used with caution. We make no claims about them.