Last updated on 2024-07-27 15:50:12 CEST.
Flavor | Version | Tinstall | Tcheck | Ttotal | Status | Flags |
---|---|---|---|---|---|---|
r-devel-linux-x86_64-debian-clang | 2.20 | 32.52 | 268.98 | 301.50 | OK | |
r-devel-linux-x86_64-debian-gcc | 2.20 | NOTE | ||||
r-devel-linux-x86_64-fedora-clang | 2.20 | 381.45 | OK | |||
r-devel-linux-x86_64-fedora-gcc | 2.20 | 375.74 | OK | |||
r-devel-windows-x86_64 | 2.20 | 32.00 | 265.00 | 297.00 | NOTE | |
r-patched-linux-x86_64 | 2.20 | OK | ||||
r-release-linux-x86_64 | 2.20 | 31.54 | 259.17 | 290.71 | OK | |
r-release-macos-arm64 | 2.20 | 102.00 | OK | |||
r-release-macos-x86_64 | 2.20 | 157.00 | OK | |||
r-release-windows-x86_64 | 2.20 | 33.00 | 272.00 | 305.00 | OK | |
r-oldrel-macos-arm64 | 2.20 | 121.00 | OK | |||
r-oldrel-macos-x86_64 | 2.20 | 292.00 | OK | |||
r-oldrel-windows-x86_64 | 2.20 | 41.00 | 308.00 | 349.00 | OK |
Version: 2.20
Check: Rd cross-references
Result: NOTE
Found the following Rd file(s) with Rd \link{} targets missing package
anchors:
betalinkr.Rd: vegdist, betadiver
Please provide package anchors for all Rd \link{} targets not in the
package itself and the base packages.
Flavors: r-devel-linux-x86_64-debian-gcc, r-devel-windows-x86_64
These binaries (installable software) and packages are in development.
They may not be fully stable and should be used with caution. We make no claims about them.