Last updated on 2025-07-19 09:48:24 CEST.
Flavor | Version | Tinstall | Tcheck | Ttotal | Status | Flags |
---|---|---|---|---|---|---|
r-devel-linux-x86_64-debian-clang | 0.3 | 5.04 | 414.07 | 419.11 | NOTE | |
r-devel-linux-x86_64-debian-gcc | 0.3 | 4.42 | 267.26 | 271.68 | NOTE | |
r-devel-linux-x86_64-fedora-clang | 0.3 | 814.84 | OK | |||
r-devel-linux-x86_64-fedora-gcc | 0.3 | 496.74 | OK | |||
r-devel-windows-x86_64 | 0.3 | 8.00 | 447.00 | 455.00 | OK | |
r-patched-linux-x86_64 | 0.3 | 5.48 | 408.95 | 414.43 | OK | |
r-release-linux-x86_64 | 0.3 | 4.86 | 404.92 | 409.78 | OK | |
r-release-macos-arm64 | 0.3 | 228.00 | OK | |||
r-release-macos-x86_64 | 0.3 | 450.00 | OK | |||
r-release-windows-x86_64 | 0.3 | 7.00 | 450.00 | 457.00 | OK | |
r-oldrel-macos-arm64 | 0.3 | 184.00 | OK | |||
r-oldrel-macos-x86_64 | 0.3 | 311.00 | OK | |||
r-oldrel-windows-x86_64 | 0.3 | 9.00 | 589.00 | 598.00 | OK |
Version: 0.3
Check: CRAN incoming feasibility
Result: NOTE
Maintainer: ‘Michael Seo <swj8874@gmail.com>’
Package CITATION file contains call(s) to old-style citEntry(). Please
use bibentry() instead.
Flavors: r-devel-linux-x86_64-debian-clang, r-devel-linux-x86_64-debian-gcc
These binaries (installable software) and packages are in development.
They may not be fully stable and should be used with caution. We make no claims about them.