Last updated on 2025-05-08 04:52:00 CEST.
Flavor | Version | Tinstall | Tcheck | Ttotal | Status | Flags |
---|---|---|---|---|---|---|
r-devel-linux-x86_64-debian-clang | 0.3 | 5.10 | 409.55 | 414.65 | NOTE | |
r-devel-linux-x86_64-debian-gcc | 0.3 | 3.68 | 266.22 | 269.90 | NOTE | |
r-devel-linux-x86_64-fedora-clang | 0.3 | 710.05 | OK | |||
r-devel-linux-x86_64-fedora-gcc | 0.3 | 701.74 | OK | |||
r-devel-windows-x86_64 | 0.3 | 7.00 | 472.00 | 479.00 | OK | |
r-patched-linux-x86_64 | 0.3 | 5.79 | 409.23 | 415.02 | OK | |
r-release-linux-x86_64 | 0.3 | 4.92 | 406.94 | 411.86 | OK | |
r-release-macos-arm64 | 0.3 | 228.00 | OK | |||
r-release-macos-x86_64 | 0.3 | 450.00 | OK | |||
r-release-windows-x86_64 | 0.3 | 6.00 | 456.00 | 462.00 | OK | |
r-oldrel-macos-arm64 | 0.3 | 184.00 | OK | |||
r-oldrel-macos-x86_64 | 0.3 | 311.00 | OK | |||
r-oldrel-windows-x86_64 | 0.3 | 9.00 | 590.00 | 599.00 | OK |
Version: 0.3
Check: CRAN incoming feasibility
Result: NOTE
Maintainer: ‘Michael Seo <swj8874@gmail.com>’
Package CITATION file contains call(s) to old-style citEntry(). Please
use bibentry() instead.
Flavors: r-devel-linux-x86_64-debian-clang, r-devel-linux-x86_64-debian-gcc
These binaries (installable software) and packages are in development.
They may not be fully stable and should be used with caution. We make no claims about them.