Last updated on 2025-07-26 03:49:46 CEST.
Flavor | Version | Tinstall | Tcheck | Ttotal | Status | Flags |
---|---|---|---|---|---|---|
r-devel-linux-x86_64-debian-clang | 1.0.2 | 7.25 | 68.65 | 75.90 | NOTE | |
r-devel-linux-x86_64-debian-gcc | 1.0.2 | 5.17 | 47.62 | 52.79 | NOTE | |
r-devel-linux-x86_64-fedora-clang | 1.0.2 | 114.04 | NOTE | |||
r-devel-linux-x86_64-fedora-gcc | 1.0.2 | 108.73 | NOTE | |||
r-devel-windows-x86_64 | 1.0.2 | 8.00 | 84.00 | 92.00 | NOTE | |
r-patched-linux-x86_64 | 1.0.2 | 8.01 | 61.98 | 69.99 | NOTE | |
r-release-linux-x86_64 | 1.0.2 | 7.91 | 62.46 | 70.37 | NOTE | |
r-release-macos-arm64 | 1.0.2 | 33.00 | NOTE | |||
r-release-macos-x86_64 | 1.0.2 | 63.00 | NOTE | |||
r-release-windows-x86_64 | 1.0.2 | 9.00 | 77.00 | 86.00 | NOTE | |
r-oldrel-macos-arm64 | 1.0.2 | 34.00 | OK | |||
r-oldrel-macos-x86_64 | 1.0.2 | 55.00 | OK | |||
r-oldrel-windows-x86_64 | 1.0.2 | 12.00 | 96.00 | 108.00 | OK |
Version: 1.0.2
Check: DESCRIPTION meta-information
Result: NOTE
Missing dependency on R >= 4.1.0 because package code uses the pipe
|> or function shorthand \(...) syntax added in R 4.1.0.
File(s) using such syntax:
‘PCAbiplot_Helper.R’ ‘TDAbiplot.R’ ‘TDAbiplot.Rd’
‘TDAbiplot_helper.R’ ‘insertAxDeets.R’ ‘insertDataTable.R’
Flavors: r-devel-linux-x86_64-debian-clang, r-devel-linux-x86_64-debian-gcc, r-devel-linux-x86_64-fedora-clang, r-devel-linux-x86_64-fedora-gcc, r-devel-windows-x86_64, r-patched-linux-x86_64, r-release-linux-x86_64, r-release-macos-arm64, r-release-windows-x86_64
Version: 1.0.2
Check: DESCRIPTION meta-information
Result: NOTE
Missing dependency on R >= 4.1.0 because package code uses the pipe
|> or function shorthand \(...) syntax added in R 4.1.0.
File(s) using such syntax:
‘PCAbiplot_Helper.R’ ‘TDAbiplot.R’ ‘TDAbiplot_helper.R’
‘insertAxDeets.R’ ‘insertDataTable.R’
Flavor: r-release-macos-x86_64
These binaries (installable software) and packages are in development.
They may not be fully stable and should be used with caution. We make no claims about them.