Last updated on 2024-07-27 15:50:12 CEST.
Flavor | Version | Tinstall | Tcheck | Ttotal | Status | Flags |
---|---|---|---|---|---|---|
r-devel-linux-x86_64-debian-clang | 2.0 | 12.15 | 330.42 | 342.57 | OK | |
r-devel-linux-x86_64-debian-gcc | 2.0 | OK | ||||
r-devel-linux-x86_64-fedora-clang | 2.0 | 370.46 | NOTE | |||
r-devel-linux-x86_64-fedora-gcc | 2.0 | 422.49 | OK | |||
r-devel-windows-x86_64 | 2.0 | 13.00 | 226.00 | 239.00 | OK | |
r-patched-linux-x86_64 | 2.0 | OK | ||||
r-release-linux-x86_64 | 2.0 | 11.56 | 319.88 | 331.44 | OK | |
r-release-macos-arm64 | 2.0 | 149.00 | OK | |||
r-release-macos-x86_64 | 2.0 | 302.00 | OK | |||
r-release-windows-x86_64 | 2.0 | 15.00 | 225.00 | 240.00 | OK | |
r-oldrel-macos-arm64 | 2.0 | 180.00 | OK | |||
r-oldrel-macos-x86_64 | 2.0 | 472.00 | OK | |||
r-oldrel-windows-x86_64 | 2.0 | 14.00 | 274.00 | 288.00 | OK |
Version: 2.0
Check: Rd cross-references
Result: NOTE
Undeclared package ‘bipl5’ in Rd xrefs
Flavor: r-devel-linux-x86_64-fedora-clang
These binaries (installable software) and packages are in development.
They may not be fully stable and should be used with caution. We make no claims about them.