Last updated on 2025-02-02 14:48:19 CET.
Flavor | Version | Tinstall | Tcheck | Ttotal | Status | Flags |
---|---|---|---|---|---|---|
r-devel-linux-x86_64-debian-clang | 2.2 | 11.12 | 263.47 | 274.59 | NOTE | |
r-devel-linux-x86_64-debian-gcc | 2.2 | 7.64 | 180.26 | 187.90 | NOTE | |
r-devel-linux-x86_64-fedora-clang | 2.2 | 454.69 | NOTE | |||
r-devel-linux-x86_64-fedora-gcc | 2.2 | 444.57 | NOTE | |||
r-devel-windows-x86_64 | 2.2 | 14.00 | 235.00 | 249.00 | NOTE | |
r-patched-linux-x86_64 | 2.2 | 12.16 | 245.77 | 257.93 | OK | |
r-release-linux-x86_64 | 2.2 | 10.48 | 246.01 | 256.49 | OK | |
r-release-macos-arm64 | 2.2 | 108.00 | OK | |||
r-release-macos-x86_64 | 2.2 | 339.00 | OK | |||
r-release-windows-x86_64 | 2.2 | 15.00 | 233.00 | 248.00 | OK | |
r-oldrel-macos-arm64 | 2.2 | 258.00 | OK | |||
r-oldrel-macos-x86_64 | 2.2 | 312.00 | OK | |||
r-oldrel-windows-x86_64 | 2.2 | 15.00 | 279.00 | 294.00 | OK |
Version: 2.2
Check: DESCRIPTION meta-information
Result: NOTE
Missing dependency on R >= 4.1.0 because package code uses the pipe
|> or function shorthand \(...) syntax added in R 4.1.0.
File(s) using such syntax:
‘biplot.R’ ‘translate_axes.R’
Flavors: r-devel-linux-x86_64-debian-clang, r-devel-linux-x86_64-debian-gcc, r-devel-linux-x86_64-fedora-clang, r-devel-linux-x86_64-fedora-gcc, r-devel-windows-x86_64
These binaries (installable software) and packages are in development.
They may not be fully stable and should be used with caution. We make no claims about them.