Last updated on 2025-05-01 14:49:05 CEST.
Flavor | Version | Tinstall | Tcheck | Ttotal | Status | Flags |
---|---|---|---|---|---|---|
r-devel-linux-x86_64-debian-clang | 1.3 | 16.00 | 74.76 | 90.76 | NOTE | |
r-devel-linux-x86_64-debian-gcc | 1.3 | 11.71 | 55.34 | 67.05 | NOTE | |
r-devel-linux-x86_64-fedora-clang | 1.3 | 159.02 | OK | |||
r-devel-linux-x86_64-fedora-gcc | 1.3 | 146.38 | OK | |||
r-devel-windows-x86_64 | 1.3 | 14.00 | 75.00 | 89.00 | OK | |
r-patched-linux-x86_64 | 1.3 | 15.47 | 70.94 | 86.41 | OK | |
r-release-linux-x86_64 | OK | |||||
r-release-macos-arm64 | 1.3 | 80.00 | OK | |||
r-release-macos-x86_64 | 1.3 | 131.00 | OK | |||
r-release-windows-x86_64 | 1.3 | 14.00 | 77.00 | 91.00 | OK | |
r-oldrel-macos-arm64 | 1.3 | 59.00 | OK | |||
r-oldrel-macos-x86_64 | 1.3 | 73.00 | OK | |||
r-oldrel-windows-x86_64 | 1.3 | 16.00 | 88.00 | 104.00 | OK |
Version: 1.3
Check: CRAN incoming feasibility
Result: NOTE
Maintainer: ‘Ana Belen Nieto Librero <ananieto@usal.es>’
No Authors@R field in DESCRIPTION.
Please add one, modifying
Authors@R: c(person(given = c("Ana", "Belen", "Nieto"),
family = "Librero",
role = c("aut", "cre"),
email = "ananieto@usal.es"),
person(given = "Adelaide",
family = "Freitas",
role = "aut",
email = "Adelaide@ua.pt"))
as necessary.
Flavors: r-devel-linux-x86_64-debian-clang, r-devel-linux-x86_64-debian-gcc
These binaries (installable software) and packages are in development.
They may not be fully stable and should be used with caution. We make no claims about them.