CRAN Package Check Results for Package biplotbootGUI

Last updated on 2025-11-12 12:53:05 CET.

Flavor Version Tinstall Tcheck Ttotal Status Flags
r-devel-linux-x86_64-debian-clang 1.3 19.23 114.38 133.61 NOTE
r-devel-linux-x86_64-debian-gcc 1.3 12.94 91.24 104.18 NOTE
r-devel-linux-x86_64-fedora-clang 1.3 96.00 130.16 226.16 OK
r-devel-linux-x86_64-fedora-gcc 1.3 43.00 157.36 200.36 OK
r-devel-windows-x86_64 1.3 19.00 97.00 116.00 OK
r-patched-linux-x86_64 1.3 21.17 110.42 131.59 OK
r-release-linux-x86_64 1.3 19.07 110.68 129.75 OK
r-release-macos-arm64 1.3 14.00 66.00 80.00 OK
r-release-macos-x86_64 1.3 27.00 104.00 131.00 OK
r-release-windows-x86_64 1.3 17.00 102.00 119.00 OK
r-oldrel-macos-arm64 1.3 11.00 48.00 59.00 OK
r-oldrel-macos-x86_64 1.3 12.00 61.00 73.00 OK
r-oldrel-windows-x86_64 1.3 24.00 117.00 141.00 OK

Check Details

Version: 1.3
Check: CRAN incoming feasibility
Result: NOTE Maintainer: ‘Ana Belen Nieto Librero <ananieto@usal.es>’ No Authors@R field in DESCRIPTION. Please add one, modifying Authors@R: c(person(given = c("Ana", "Belen", "Nieto"), family = "Librero", role = c("aut", "cre"), email = "ananieto@usal.es"), person(given = "Adelaide", family = "Freitas", role = "aut", email = "Adelaide@ua.pt")) as necessary. Flavors: r-devel-linux-x86_64-debian-clang, r-devel-linux-x86_64-debian-gcc

These binaries (installable software) and packages are in development.
They may not be fully stable and should be used with caution. We make no claims about them.