Last updated on 2025-11-13 17:50:28 CET.
| Flavor | Version | Tinstall | Tcheck | Ttotal | Status | Flags |
|---|---|---|---|---|---|---|
| r-devel-linux-x86_64-debian-clang | 1.0.1 | 7.05 | 72.10 | 79.15 | OK | |
| r-devel-linux-x86_64-debian-gcc | 1.0.1 | 4.42 | 51.48 | 55.90 | OK | |
| r-devel-linux-x86_64-fedora-clang | 1.0.1 | 32.00 | 84.29 | 116.29 | OK | |
| r-devel-linux-x86_64-fedora-gcc | 1.0.1 | 12.00 | 88.96 | 100.96 | OK | |
| r-devel-windows-x86_64 | 1.0.1 | 7.00 | 72.00 | 79.00 | OK | |
| r-patched-linux-x86_64 | 1.0.1 | 6.94 | 61.39 | 68.33 | OK | |
| r-release-linux-x86_64 | 1.0.1 | 6.17 | 60.92 | 67.09 | OK | |
| r-release-macos-arm64 | 1.0.1 | 4.00 | 47.00 | 51.00 | OK | |
| r-release-macos-x86_64 | 1.0.1 | 6.00 | 62.00 | 68.00 | OK | |
| r-release-windows-x86_64 | 1.0.1 | 7.00 | 70.00 | 77.00 | OK | |
| r-oldrel-macos-arm64 | 1.0.1 | 3.00 | 31.00 | 34.00 | NOTE | |
| r-oldrel-macos-x86_64 | 1.0.1 | 6.00 | 56.00 | 62.00 | NOTE | |
| r-oldrel-windows-x86_64 | 1.0.1 | 10.00 | 88.00 | 98.00 | NOTE |
Version: 1.0.1
Check: LazyData
Result: NOTE
'LazyData' is specified without a 'data' directory
Flavors: r-oldrel-macos-arm64, r-oldrel-macos-x86_64, r-oldrel-windows-x86_64
These binaries (installable software) and packages are in development.
They may not be fully stable and should be used with caution. We make no claims about them.