Last updated on 2025-02-16 10:50:42 CET.
Flavor | Version | Tinstall | Tcheck | Ttotal | Status | Flags |
---|---|---|---|---|---|---|
r-devel-linux-x86_64-debian-clang | 1.0.1 | 7.03 | 68.29 | 75.32 | OK | |
r-devel-linux-x86_64-debian-gcc | 1.0.1 | 5.41 | 48.25 | 53.66 | OK | |
r-devel-linux-x86_64-fedora-clang | 1.0.1 | 112.29 | OK | |||
r-devel-linux-x86_64-fedora-gcc | 1.0.1 | 101.22 | OK | |||
r-devel-macos-arm64 | 1.0.1 | 33.00 | OK | |||
r-devel-macos-x86_64 | 1.0.1 | 67.00 | OK | |||
r-devel-windows-x86_64 | 1.0.1 | 6.00 | 87.00 | 93.00 | OK | |
r-patched-linux-x86_64 | 1.0.1 | 6.53 | 60.27 | 66.80 | NOTE | |
r-release-linux-x86_64 | 1.0.1 | 5.28 | 58.31 | 63.59 | NOTE | |
r-release-macos-arm64 | 1.0.1 | 34.00 | NOTE | |||
r-release-macos-x86_64 | 1.0.1 | 62.00 | NOTE | |||
r-release-windows-x86_64 | 1.0.1 | 7.00 | 75.00 | 82.00 | NOTE | |
r-oldrel-macos-arm64 | 1.0.1 | 35.00 | NOTE | |||
r-oldrel-macos-x86_64 | 1.0.1 | 58.00 | NOTE | |||
r-oldrel-windows-x86_64 | 1.0.1 | 7.00 | 84.00 | 91.00 | NOTE |
Version: 1.0.1
Check: LazyData
Result: NOTE
'LazyData' is specified without a 'data' directory
Flavors: r-patched-linux-x86_64, r-release-linux-x86_64, r-release-macos-arm64, r-release-macos-x86_64, r-release-windows-x86_64, r-oldrel-macos-arm64, r-oldrel-macos-x86_64, r-oldrel-windows-x86_64
These binaries (installable software) and packages are in development.
They may not be fully stable and should be used with caution. We make no claims about them.