Last updated on 2025-11-11 15:50:28 CET.
| Flavor | Version | Tinstall | Tcheck | Ttotal | Status | Flags |
|---|---|---|---|---|---|---|
| r-devel-linux-x86_64-debian-clang | 0.7.1 | 138.57 | 157.70 | 296.27 | OK | |
| r-devel-linux-x86_64-debian-gcc | 0.7.1 | 113.33 | 116.87 | 230.20 | OK | |
| r-devel-linux-x86_64-fedora-clang | 0.7.1 | 660.00 | -135.59 | 524.41 | OK | |
| r-devel-linux-x86_64-fedora-gcc | 0.7.1 | 370.00 | 177.24 | 547.24 | OK | |
| r-devel-windows-x86_64 | 0.7.1 | 175.00 | 203.00 | 378.00 | OK | |
| r-patched-linux-x86_64 | 0.7.1 | 155.88 | 159.90 | 315.78 | OK | |
| r-release-linux-x86_64 | 0.7.1 | 153.62 | 158.15 | 311.77 | OK | |
| r-release-macos-arm64 | 0.7.1 | 60.00 | 84.00 | 144.00 | OK | |
| r-release-macos-x86_64 | 0.7.1 | 142.00 | 214.00 | 356.00 | OK | |
| r-release-windows-x86_64 | 0.7.1 | 175.00 | 199.00 | 374.00 | OK | |
| r-oldrel-macos-arm64 | 0.7.1 | 55.00 | 86.00 | 141.00 | NOTE | |
| r-oldrel-macos-x86_64 | 0.7.1 | 136.00 | 207.00 | 343.00 | NOTE | |
| r-oldrel-windows-x86_64 | 0.7.1 | 192.00 | 282.00 | 474.00 | NOTE |
Version: 0.7.1
Check: installed package size
Result: NOTE
installed size is 48.4Mb
sub-directories of 1Mb or more:
extdata 1.5Mb
libs 46.1Mb
Flavors: r-oldrel-macos-arm64, r-oldrel-macos-x86_64
Version: 0.7.1
Check: for GNU extensions in Makefiles
Result: NOTE
GNU make is a SystemRequirements.
Flavors: r-oldrel-macos-arm64, r-oldrel-macos-x86_64, r-oldrel-windows-x86_64
These binaries (installable software) and packages are in development.
They may not be fully stable and should be used with caution. We make no claims about them.