Last updated on 2025-05-08 04:52:00 CEST.
Flavor | Version | Tinstall | Tcheck | Ttotal | Status | Flags |
---|---|---|---|---|---|---|
r-devel-linux-x86_64-debian-clang | 0.6.1 | 137.67 | 152.70 | 290.37 | NOTE | |
r-devel-linux-x86_64-debian-gcc | 0.6.1 | 120.73 | 114.94 | 235.67 | NOTE | |
r-devel-linux-x86_64-fedora-clang | 0.6.1 | 431.36 | NOTE | |||
r-devel-linux-x86_64-fedora-gcc | 0.6.1 | 572.98 | NOTE | |||
r-devel-windows-x86_64 | 0.6.1 | 172.00 | 205.00 | 377.00 | NOTE | |
r-patched-linux-x86_64 | 0.6.1 | 155.67 | 156.04 | 311.71 | NOTE | |
r-release-linux-x86_64 | 0.6.1 | 156.26 | 155.60 | 311.86 | NOTE | |
r-release-macos-arm64 | 0.6.1 | 185.00 | NOTE | |||
r-release-macos-x86_64 | 0.6.1 | 269.00 | NOTE | |||
r-release-windows-x86_64 | 0.6.1 | 172.00 | 208.00 | 380.00 | NOTE | |
r-oldrel-macos-arm64 | 0.6.1 | 86.00 | NOTE | |||
r-oldrel-macos-x86_64 | 0.6.1 | 144.00 | NOTE | |||
r-oldrel-windows-x86_64 | 0.6.1 | 186.00 | 279.00 | 465.00 | NOTE |
Version: 0.6.1
Check: DESCRIPTION meta-information
Result: NOTE
Missing dependency on R >= 4.1.0 because package code uses the pipe
|> or function shorthand \(...) syntax added in R 4.1.0.
File(s) using such syntax:
‘bisg.R’ ‘model_cat_dir.R’ ‘model_lm.R’ ‘stanmodels.R’
Flavors: r-devel-linux-x86_64-debian-clang, r-devel-linux-x86_64-debian-gcc, r-devel-linux-x86_64-fedora-clang, r-devel-linux-x86_64-fedora-gcc, r-devel-windows-x86_64, r-patched-linux-x86_64, r-release-linux-x86_64, r-release-macos-arm64, r-release-macos-x86_64, r-release-windows-x86_64
Version: 0.6.1
Check: installed package size
Result: NOTE
installed size is 48.1Mb
sub-directories of 1Mb or more:
extdata 1.5Mb
libs 45.8Mb
Flavors: r-oldrel-macos-arm64, r-oldrel-macos-x86_64
Version: 0.6.1
Check: for GNU extensions in Makefiles
Result: NOTE
GNU make is a SystemRequirements.
Flavors: r-oldrel-macos-arm64, r-oldrel-macos-x86_64, r-oldrel-windows-x86_64
These binaries (installable software) and packages are in development.
They may not be fully stable and should be used with caution. We make no claims about them.