Last updated on 2025-02-16 10:50:42 CET.
Flavor | Version | Tinstall | Tcheck | Ttotal | Status | Flags |
---|---|---|---|---|---|---|
r-devel-linux-x86_64-debian-clang | 0.6.1 | 136.96 | 154.76 | 291.72 | NOTE | |
r-devel-linux-x86_64-debian-gcc | 0.6.1 | 117.49 | 113.25 | 230.74 | NOTE | |
r-devel-linux-x86_64-fedora-clang | 0.6.1 | 495.16 | NOTE | |||
r-devel-linux-x86_64-fedora-gcc | 0.6.1 | 580.91 | NOTE | |||
r-devel-macos-arm64 | 0.6.1 | 156.00 | OK | |||
r-devel-macos-x86_64 | 0.6.1 | 307.00 | NOTE | |||
r-devel-windows-x86_64 | 0.6.1 | 152.00 | 215.00 | 367.00 | NOTE | |
r-patched-linux-x86_64 | 0.6.1 | 153.99 | 155.03 | 309.02 | NOTE | |
r-release-linux-x86_64 | 0.6.1 | 142.55 | 156.78 | 299.33 | NOTE | |
r-release-macos-arm64 | 0.6.1 | 86.00 | NOTE | |||
r-release-macos-x86_64 | 0.6.1 | 144.00 | NOTE | |||
r-release-windows-x86_64 | 0.6.1 | 146.00 | 208.00 | 354.00 | NOTE | |
r-oldrel-macos-arm64 | 0.6.1 | 186.00 | NOTE | |||
r-oldrel-macos-x86_64 | 0.6.1 | 343.00 | NOTE | |||
r-oldrel-windows-x86_64 | 0.6.1 | 189.00 | 256.00 | 445.00 | NOTE |
Version: 0.6.1
Check: DESCRIPTION meta-information
Result: NOTE
Missing dependency on R >= 4.1.0 because package code uses the pipe
|> or function shorthand \(...) syntax added in R 4.1.0.
File(s) using such syntax:
‘bisg.R’ ‘model_cat_dir.R’ ‘model_lm.R’ ‘stanmodels.R’
Flavors: r-devel-linux-x86_64-debian-clang, r-devel-linux-x86_64-debian-gcc, r-devel-linux-x86_64-fedora-clang, r-devel-linux-x86_64-fedora-gcc, r-devel-macos-x86_64, r-devel-windows-x86_64
Version: 0.6.1
Check: for GNU extensions in Makefiles
Result: NOTE
GNU make is a SystemRequirements.
Flavors: r-patched-linux-x86_64, r-release-linux-x86_64, r-release-macos-arm64, r-release-macos-x86_64, r-release-windows-x86_64, r-oldrel-macos-arm64, r-oldrel-macos-x86_64, r-oldrel-windows-x86_64
Version: 0.6.1
Check: installed package size
Result: NOTE
installed size is 48.1Mb
sub-directories of 1Mb or more:
extdata 1.5Mb
libs 45.8Mb
Flavors: r-release-macos-arm64, r-release-macos-x86_64, r-oldrel-macos-arm64, r-oldrel-macos-x86_64
These binaries (installable software) and packages are in development.
They may not be fully stable and should be used with caution. We make no claims about them.