Last updated on 2025-07-17 01:49:43 CEST.
Flavor | Version | Tinstall | Tcheck | Ttotal | Status | Flags |
---|---|---|---|---|---|---|
r-devel-linux-x86_64-debian-clang | 1.6 | 34.66 | 259.64 | 294.30 | NOTE | |
r-devel-linux-x86_64-debian-gcc | 1.6 | 21.19 | 162.00 | 183.19 | NOTE | |
r-devel-linux-x86_64-fedora-clang | 1.6 | 456.15 | OK | |||
r-devel-linux-x86_64-fedora-gcc | 1.6 | 436.76 | OK | |||
r-devel-windows-x86_64 | 1.6 | 29.00 | 206.00 | 235.00 | OK | |
r-patched-linux-x86_64 | 1.6 | 30.60 | 242.77 | 273.37 | OK | |
r-release-linux-x86_64 | 1.6 | 31.93 | 247.84 | 279.77 | OK | |
r-release-macos-arm64 | 1.6 | 104.00 | OK | |||
r-release-macos-x86_64 | 1.6 | 233.00 | OK | |||
r-release-windows-x86_64 | 1.6 | 28.00 | 206.00 | 234.00 | OK | |
r-oldrel-macos-arm64 | 1.6 | 97.00 | OK | |||
r-oldrel-macos-x86_64 | 1.6 | 161.00 | OK | |||
r-oldrel-windows-x86_64 | 1.6 | 39.00 | 291.00 | 330.00 | OK |
Version: 1.6
Check: CRAN incoming feasibility
Result: NOTE
Maintainer: ‘Fraenzi Korner-Nievergelt <fraenzi.korner@vogelwarte.ch>’
No Authors@R field in DESCRIPTION.
Please add one, modifying
Authors@R: c(person(given = "Fraenzi",
family = "Korner-Nievergelt",
role = c("aut", "cre"),
email = "fraenzi.korner@vogelwarte.ch"),
person(given = "Rob",
family = "Robinson",
role = "aut"))
as necessary.
Flavors: r-devel-linux-x86_64-debian-clang, r-devel-linux-x86_64-debian-gcc
These binaries (installable software) and packages are in development.
They may not be fully stable and should be used with caution. We make no claims about them.