Last updated on 2025-10-23 21:51:21 CEST.
Flavor | Version | Tinstall | Tcheck | Ttotal | Status | Flags |
---|---|---|---|---|---|---|
r-devel-linux-x86_64-debian-clang | 0.6.1 | 25.16 | 217.97 | 243.13 | NOTE | |
r-devel-linux-x86_64-debian-gcc | 0.6.1 | 14.62 | 134.01 | 148.63 | OK | |
r-devel-linux-x86_64-fedora-clang | 0.6.1 | 142.00 | 268.40 | 410.40 | OK | |
r-devel-linux-x86_64-fedora-gcc | 0.6.1 | 60.00 | 300.28 | 360.28 | OK | |
r-devel-windows-x86_64 | 0.6.1 | 24.00 | 165.00 | 189.00 | OK | |
r-patched-linux-x86_64 | 0.6.1 | 25.44 | 201.97 | 227.41 | OK | |
r-release-linux-x86_64 | 0.6.1 | 25.53 | 204.76 | 230.29 | OK | |
r-release-macos-arm64 | 0.6.1 | 10.00 | 68.00 | 78.00 | OK | |
r-release-macos-x86_64 | 0.6.1 | 26.00 | 165.00 | 191.00 | OK | |
r-release-windows-x86_64 | 0.6.1 | 25.00 | 163.00 | 188.00 | OK | |
r-oldrel-macos-arm64 | 0.6.1 | 10.00 | 72.00 | 82.00 | OK | |
r-oldrel-macos-x86_64 | 0.6.1 | 26.00 | 164.00 | 190.00 | OK | |
r-oldrel-windows-x86_64 | 0.6.1 | 34.00 | 236.00 | 270.00 | OK |
Version: 0.6.1
Check: HTML version of manual
Result: NOTE
Found the following HTML validation problems:
dot-toBin.html:62:1 (dot-toBin.Rd:20): Warning: missing </ul> before </div>
dot-toDec.html:47:1 (dot-toDec.Rd:11): Warning: missing </ul> before </div>
Flavor: r-devel-linux-x86_64-debian-clang
These binaries (installable software) and packages are in development.
They may not be fully stable and should be used with caution. We make no claims about them.