CRAN Package Check Results for Package bitstreamio

Last updated on 2025-04-16 00:49:36 CEST.

Flavor Version Tinstall Tcheck Ttotal Status Flags
r-devel-linux-x86_64-debian-clang 0.1.0 2.02 25.99 28.01 NOTE
r-devel-linux-x86_64-debian-gcc 0.1.0 1.56 20.90 22.46 NOTE
r-devel-linux-x86_64-fedora-clang 0.1.0 46.70 NOTE
r-devel-linux-x86_64-fedora-gcc 0.1.0 58.20 NOTE
r-devel-windows-x86_64 0.1.0 4.00 49.00 53.00 NOTE
r-patched-linux-x86_64 0.1.0 2.28 25.22 27.50 NOTE
r-release-linux-x86_64 0.1.0 1.63 25.50 27.13 NOTE
r-release-macos-arm64 0.1.0 25.00 NOTE
r-release-macos-x86_64 0.1.0 45.00 NOTE
r-release-windows-x86_64 0.1.0 4.00 50.00 54.00 NOTE
r-oldrel-macos-arm64 0.1.0 29.00 OK
r-oldrel-macos-x86_64 0.1.0 84.00 OK
r-oldrel-windows-x86_64 0.1.0 3.00 55.00 58.00 OK

Check Details

Version: 0.1.0
Check: DESCRIPTION meta-information
Result: NOTE Missing dependency on R >= 4.1.0 because package code uses the pipe |> or function shorthand \(...) syntax added in R 4.1.0. File(s) using such syntax: ‘bits_to_raw.Rd’ ‘bitstream-ints.R’ ‘bitstream-uints-exp-golomb.R’ Flavors: r-devel-linux-x86_64-debian-clang, r-devel-linux-x86_64-debian-gcc, r-devel-linux-x86_64-fedora-clang, r-devel-linux-x86_64-fedora-gcc, r-devel-windows-x86_64, r-patched-linux-x86_64, r-release-linux-x86_64, r-release-macos-arm64, r-release-macos-x86_64, r-release-windows-x86_64

These binaries (installable software) and packages are in development.
They may not be fully stable and should be used with caution. We make no claims about them.