CRAN Package Check Results for Package bivgeom

Last updated on 2025-02-19 16:50:41 CET.

Flavor Version Tinstall Tcheck Ttotal Status Flags
r-devel-linux-x86_64-debian-clang 1.0 9.16 82.88 92.04 OK
r-devel-linux-x86_64-debian-gcc 1.0 6.84 60.09 66.93 OK
r-devel-linux-x86_64-fedora-clang 1.0 144.33 OK
r-devel-linux-x86_64-fedora-gcc 1.0 143.00 OK
r-devel-macos-arm64 1.0 41.00 OK
r-devel-macos-x86_64 1.0 72.00 OK
r-devel-windows-x86_64 1.0 9.00 91.00 100.00 OK
r-patched-linux-x86_64 1.0 9.60 77.89 87.49 OK
r-release-linux-x86_64 1.0 8.50 77.23 85.73 OK
r-release-macos-arm64 1.0 43.00 OK
r-release-macos-x86_64 1.0 61.00 OK
r-release-windows-x86_64 1.0 10.00 3.00 13.00 FAIL
r-oldrel-macos-arm64 1.0 47.00 OK
r-oldrel-macos-x86_64 1.0 74.00 OK
r-oldrel-windows-x86_64 1.0 10.00 110.00 120.00 OK

Check Details

Version: 1.0
Check: package dependencies
Result: FAIL
Flavor: r-release-windows-x86_64

These binaries (installable software) and packages are in development.
They may not be fully stable and should be used with caution. We make no claims about them.