Last updated on 2025-07-19 13:50:06 CEST.
Flavor | Version | Tinstall | Tcheck | Ttotal | Status | Flags |
---|---|---|---|---|---|---|
r-devel-linux-x86_64-debian-clang | 1.1.46 | 53.88 | 104.41 | 158.29 | OK | |
r-devel-linux-x86_64-debian-gcc | 1.1.46 | 38.38 | 76.42 | 114.80 | OK | |
r-devel-linux-x86_64-fedora-clang | 1.1.46 | 259.97 | OK | |||
r-devel-linux-x86_64-fedora-gcc | 1.1.46 | 253.83 | OK | |||
r-devel-windows-x86_64 | 1.1.46 | 58.00 | 127.00 | 185.00 | OK | |
r-patched-linux-x86_64 | 1.1.46 | 56.14 | 101.43 | 157.57 | OK | |
r-release-linux-x86_64 | 1.1.46 | 55.83 | 102.05 | 157.88 | OK | |
r-release-macos-arm64 | 1.1.46 | 70.00 | OK | |||
r-release-macos-x86_64 | 1.1.46 | 137.00 | OK | |||
r-release-windows-x86_64 | 1.1.46 | 56.00 | 123.00 | 179.00 | OK | |
r-oldrel-macos-arm64 | 1.1.46 | 70.00 | NOTE | |||
r-oldrel-macos-x86_64 | 1.1.46 | 119.00 | NOTE | |||
r-oldrel-windows-x86_64 | 1.1.46 | 72.00 | 159.00 | 231.00 | OK |
Version: 1.1.46
Check: installed package size
Result: NOTE
installed size is 10.1Mb
sub-directories of 1Mb or more:
libs 9.5Mb
Flavors: r-oldrel-macos-arm64, r-oldrel-macos-x86_64
These binaries (installable software) and packages are in development.
They may not be fully stable and should be used with caution. We make no claims about them.