Last updated on 2024-07-27 15:50:12 CEST.
Flavor | Version | Tinstall | Tcheck | Ttotal | Status | Flags |
---|---|---|---|---|---|---|
r-devel-linux-x86_64-debian-clang | 1.1.46 | 70.79 | 134.47 | 205.26 | OK | |
r-devel-linux-x86_64-debian-gcc | 1.1.46 | OK | ||||
r-devel-linux-x86_64-fedora-clang | 1.1.46 | 299.41 | OK | |||
r-devel-linux-x86_64-fedora-gcc | 1.1.46 | 261.85 | OK | |||
r-devel-windows-x86_64 | 1.1.46 | 58.00 | 120.00 | 178.00 | OK | |
r-patched-linux-x86_64 | 1.1.46 | OK | ||||
r-release-linux-x86_64 | 1.1.46 | 66.59 | 123.99 | 190.58 | OK | |
r-release-macos-arm64 | 1.1.46 | 70.00 | NOTE | |||
r-release-macos-x86_64 | 1.1.46 | 119.00 | NOTE | |||
r-release-windows-x86_64 | 1.1.46 | 64.00 | 120.00 | 184.00 | OK | |
r-oldrel-macos-arm64 | 1.1.46 | 69.00 | NOTE | |||
r-oldrel-macos-x86_64 | 1.1.46 | 135.00 | NOTE | |||
r-oldrel-windows-x86_64 | 1.1.46 | 68.00 | 154.00 | 222.00 | OK |
Version: 1.1.46
Check: installed package size
Result: NOTE
installed size is 10.1Mb
sub-directories of 1Mb or more:
libs 9.5Mb
Flavors: r-release-macos-arm64, r-release-macos-x86_64, r-oldrel-macos-arm64, r-oldrel-macos-x86_64
These binaries (installable software) and packages are in development.
They may not be fully stable and should be used with caution. We make no claims about them.