CRAN Package Check Results for Package blandr

Last updated on 2025-07-18 01:49:09 CEST.

Flavor Version Tinstall Tcheck Ttotal Status Flags
r-devel-linux-x86_64-debian-clang 0.6.0 16.40 72.93 89.33 OK
r-devel-linux-x86_64-debian-gcc 0.6.0 10.35 52.52 62.87 OK
r-devel-linux-x86_64-fedora-clang 0.6.0 134.13 NOTE
r-devel-linux-x86_64-fedora-gcc 0.6.0 140.45 NOTE
r-devel-windows-x86_64 0.6.0 16.00 90.00 106.00 OK
r-patched-linux-x86_64 0.6.0 15.83 66.99 82.82 OK
r-release-linux-x86_64 0.6.0 16.13 65.86 81.99 OK
r-release-macos-arm64 0.6.0 73.00 OK
r-release-macos-x86_64 0.6.0 93.00 OK
r-release-windows-x86_64 0.6.0 19.00 89.00 108.00 OK
r-oldrel-macos-arm64 0.6.0 61.00 OK
r-oldrel-macos-x86_64 0.6.0 139.00 OK
r-oldrel-windows-x86_64 0.6.0 22.00 108.00 130.00 OK

Check Details

Version: 0.6.0
Check: dependencies in R code
Result: NOTE Namespaces in Imports field not imported from: ‘knitr’ ‘markdown’ All declared Imports should be used. Flavors: r-devel-linux-x86_64-fedora-clang, r-devel-linux-x86_64-fedora-gcc

These binaries (installable software) and packages are in development.
They may not be fully stable and should be used with caution. We make no claims about them.