Last updated on 2025-02-16 10:50:42 CET.
Flavor | Version | Tinstall | Tcheck | Ttotal | Status | Flags |
---|---|---|---|---|---|---|
r-devel-linux-x86_64-debian-clang | 1.0.7 | 31.67 | 21.66 | 53.33 | OK | |
r-devel-linux-x86_64-debian-gcc | 1.0.7 | 28.23 | 17.64 | 45.87 | OK | |
r-devel-linux-x86_64-fedora-clang | 1.0.7 | 111.43 | OK | |||
r-devel-linux-x86_64-fedora-gcc | 1.0.7 | 112.74 | OK | |||
r-devel-macos-arm64 | 1.0.7 | 31.00 | OK | |||
r-devel-macos-x86_64 | 1.0.7 | 50.00 | OK | |||
r-devel-windows-x86_64 | 1.0.7 | 37.00 | 62.00 | 99.00 | OK | |
r-patched-linux-x86_64 | 1.0.7 | 35.83 | 20.54 | 56.37 | OK | |
r-release-linux-x86_64 | 1.0.7 | 38.14 | 20.24 | 58.38 | OK | |
r-release-macos-arm64 | 1.0.7 | 35.00 | NOTE | |||
r-release-macos-x86_64 | 1.0.7 | 40.00 | NOTE | |||
r-release-windows-x86_64 | 1.0.7 | 34.00 | 64.00 | 98.00 | OK | |
r-oldrel-macos-arm64 | 1.0.7 | 35.00 | NOTE | |||
r-oldrel-macos-x86_64 | 1.0.7 | 71.00 | NOTE | |||
r-oldrel-windows-x86_64 | 1.0.7 | 41.00 | 97.00 | 138.00 | OK |
Version: 1.0.7
Check: installed package size
Result: NOTE
installed size is 6.6Mb
sub-directories of 1Mb or more:
libs 6.5Mb
Flavors: r-release-macos-arm64, r-release-macos-x86_64, r-oldrel-macos-arm64, r-oldrel-macos-x86_64
These binaries (installable software) and packages are in development.
They may not be fully stable and should be used with caution. We make no claims about them.