Last updated on 2025-02-16 10:50:42 CET.
Flavor | Version | Tinstall | Tcheck | Ttotal | Status | Flags |
---|---|---|---|---|---|---|
r-devel-linux-x86_64-debian-clang | 1.1.0 | 2.82 | 34.34 | 37.16 | NOTE | |
r-devel-linux-x86_64-debian-gcc | 1.1.0 | 2.17 | 25.76 | 27.93 | NOTE | |
r-devel-linux-x86_64-fedora-clang | 1.1.0 | 63.93 | NOTE | |||
r-devel-linux-x86_64-fedora-gcc | 1.1.0 | 72.47 | NOTE | |||
r-devel-macos-arm64 | 1.1.0 | 28.00 | NOTE | |||
r-devel-macos-x86_64 | 1.1.0 | 50.00 | NOTE | |||
r-devel-windows-x86_64 | 1.1.0 | 4.00 | 53.00 | 57.00 | NOTE | |
r-patched-linux-x86_64 | 1.1.0 | 2.47 | 32.45 | 34.92 | NOTE | |
r-release-linux-x86_64 | 1.1.0 | 1.61 | 32.33 | 33.94 | NOTE | |
r-release-macos-arm64 | 1.1.0 | 32.00 | NOTE | |||
r-release-macos-x86_64 | 1.1.0 | 47.00 | NOTE | |||
r-release-windows-x86_64 | 1.1.0 | 3.00 | 53.00 | 56.00 | NOTE | |
r-oldrel-macos-arm64 | 1.1.0 | 34.00 | OK | |||
r-oldrel-macos-x86_64 | 1.1.0 | 42.00 | OK | |||
r-oldrel-windows-x86_64 | 1.1.0 | 5.00 | 65.00 | 70.00 | OK |
Version: 1.1.0
Check: Rd files
Result: NOTE
checkRd: (-1) RLdata500.Rd:8: Lost braces
8 | A data frame with five variables: \code{fname_c1},\code{lname_c1}, \code{by}, code{bm}, \code{bd}.
| ^
checkRd: (-1) identity.RLdata500.Rd:15: Lost braces
15 | format A vector that contains the code{id}
| ^
Flavors: r-devel-linux-x86_64-debian-clang, r-devel-linux-x86_64-debian-gcc, r-devel-linux-x86_64-fedora-clang, r-devel-linux-x86_64-fedora-gcc, r-devel-macos-arm64, r-devel-macos-x86_64, r-devel-windows-x86_64, r-patched-linux-x86_64, r-release-linux-x86_64, r-release-macos-arm64, r-release-macos-x86_64, r-release-windows-x86_64
These binaries (installable software) and packages are in development.
They may not be fully stable and should be used with caution. We make no claims about them.