Last updated on 2025-05-21 21:49:11 CEST.
Flavor | Version | Tinstall | Tcheck | Ttotal | Status | Flags |
---|---|---|---|---|---|---|
r-devel-linux-x86_64-debian-clang | 1.1.1 | 36.01 | 49.39 | 85.40 | OK | |
r-devel-linux-x86_64-debian-gcc | 1.1.1 | 24.66 | 35.85 | 60.51 | OK | |
r-devel-linux-x86_64-fedora-clang | 1.1.1 | 141.61 | OK | |||
r-devel-linux-x86_64-fedora-gcc | 1.1.1 | 167.64 | OK | |||
r-devel-windows-x86_64 | 1.1.1 | 41.00 | 100.00 | 141.00 | OK | |
r-patched-linux-x86_64 | 1.1.1 | 35.20 | 46.18 | 81.38 | OK | |
r-release-linux-x86_64 | 1.1.1 | 36.01 | 46.32 | 82.33 | OK | |
r-release-macos-arm64 | 1.1.1 | 64.00 | OK | |||
r-release-macos-x86_64 | 1.1.1 | 96.00 | OK | |||
r-release-windows-x86_64 | 1.1.1 | 41.00 | 92.00 | 133.00 | OK | |
r-oldrel-macos-arm64 | 1.1.1 | 50.00 | NOTE | |||
r-oldrel-macos-x86_64 | 1.1.1 | 134.00 | NOTE | |||
r-oldrel-windows-x86_64 | 1.1.1 | 48.00 | 106.00 | 154.00 | OK |
Version: 1.1.1
Check: installed package size
Result: NOTE
installed size is 7.7Mb
sub-directories of 1Mb or more:
data 2.8Mb
libs 3.9Mb
Flavors: r-oldrel-macos-arm64, r-oldrel-macos-x86_64
These binaries (installable software) and packages are in development.
They may not be fully stable and should be used with caution. We make no claims about them.