Last updated on 2025-02-16 10:50:42 CET.
Flavor | Version | Tinstall | Tcheck | Ttotal | Status | Flags |
---|---|---|---|---|---|---|
r-devel-linux-x86_64-debian-clang | 1.1.1 | 32.86 | 47.96 | 80.82 | OK | |
r-devel-linux-x86_64-debian-gcc | 1.1.1 | 26.53 | 34.73 | 61.26 | OK | |
r-devel-linux-x86_64-fedora-clang | 1.1.1 | 147.66 | OK | |||
r-devel-linux-x86_64-fedora-gcc | 1.1.1 | 166.13 | OK | |||
r-devel-macos-arm64 | 1.1.1 | 50.00 | OK | |||
r-devel-macos-x86_64 | 1.1.1 | 103.00 | OK | |||
r-devel-windows-x86_64 | 1.1.1 | 38.00 | 89.00 | 127.00 | OK | |
r-patched-linux-x86_64 | 1.1.1 | 34.97 | 45.17 | 80.14 | OK | |
r-release-linux-x86_64 | 1.1.1 | 36.83 | 45.58 | 82.41 | OK | |
r-release-macos-arm64 | 1.1.1 | 50.00 | NOTE | |||
r-release-macos-x86_64 | 1.1.1 | 134.00 | NOTE | |||
r-release-windows-x86_64 | 1.1.1 | 38.00 | 91.00 | 129.00 | OK | |
r-oldrel-macos-arm64 | 1.1.1 | 62.00 | NOTE | |||
r-oldrel-macos-x86_64 | 1.1.1 | 99.00 | NOTE | |||
r-oldrel-windows-x86_64 | 1.1.1 | 45.00 | 120.00 | 165.00 | NOTE |
Version: 1.1.1
Check: installed package size
Result: NOTE
installed size is 7.7Mb
sub-directories of 1Mb or more:
data 2.8Mb
libs 3.9Mb
Flavors: r-release-macos-arm64, r-release-macos-x86_64, r-oldrel-macos-arm64, r-oldrel-macos-x86_64, r-oldrel-windows-x86_64
These binaries (installable software) and packages are in development.
They may not be fully stable and should be used with caution. We make no claims about them.