Last updated on 2025-05-01 12:49:23 CEST.
Flavor | Version | Tinstall | Tcheck | Ttotal | Status | Flags |
---|---|---|---|---|---|---|
r-devel-linux-x86_64-debian-clang | 0.2.0 | 15.68 | 43.62 | 59.30 | OK | |
r-devel-linux-x86_64-debian-gcc | 0.2.0 | 13.32 | 38.46 | 51.78 | OK | |
r-devel-linux-x86_64-fedora-clang | 0.2.0 | 93.72 | OK | |||
r-devel-linux-x86_64-fedora-gcc | 0.2.0 | 88.88 | OK | |||
r-devel-windows-x86_64 | 0.2.0 | 16.00 | 60.00 | 76.00 | OK | |
r-patched-linux-x86_64 | 0.2.0 | 16.80 | 40.69 | 57.49 | OK | |
r-release-linux-x86_64 | OK | |||||
r-release-macos-arm64 | 0.2.0 | 44.00 | OK | |||
r-release-macos-x86_64 | 0.2.0 | 82.00 | OK | |||
r-release-windows-x86_64 | 0.2.0 | 15.00 | 64.00 | 79.00 | OK | |
r-oldrel-macos-arm64 | 0.2.0 | 32.00 | OK | |||
r-oldrel-macos-x86_64 | 0.2.0 | 51.00 | OK | |||
r-oldrel-windows-x86_64 | 0.2.0 | 19.00 | 65.00 | 84.00 | OK |
Version: 0.2.0
Check: examples
Result: NA
user system elapsed
appmamba 1.629 0.378 5.474
OK
Flavor: r-devel-linux-x86_64-debian-gcc
These binaries (installable software) and packages are in development.
They may not be fully stable and should be used with caution. We make no claims about them.