CRAN Package Check Results for Package blmeco

Last updated on 2025-07-04 09:49:46 CEST.

Flavor Version Tinstall Tcheck Ttotal Status Flags
r-devel-linux-x86_64-debian-clang 1.4 7.93 74.57 82.50 NOTE
r-devel-linux-x86_64-debian-gcc 1.4 6.66 56.94 63.60 NOTE
r-devel-linux-x86_64-fedora-clang 1.4 127.48 OK
r-devel-linux-x86_64-fedora-gcc 1.4 132.64 OK
r-devel-windows-x86_64 1.4 9.00 90.00 99.00 OK
r-patched-linux-x86_64 1.4 9.06 70.93 79.99 OK
r-release-linux-x86_64 1.4 8.17 70.65 78.82 OK
r-release-macos-arm64 1.4 61.00 OK
r-release-macos-x86_64 1.4 85.00 OK
r-release-windows-x86_64 1.4 10.00 93.00 103.00 OK
r-oldrel-macos-arm64 1.4 42.00 OK
r-oldrel-macos-x86_64 1.4 58.00 OK
r-oldrel-windows-x86_64 1.4 13.00 116.00 129.00 OK

Check Details

Version: 1.4
Check: CRAN incoming feasibility
Result: NOTE Maintainer: ‘Fraenzi Korner-Nievergelt <fraenzi.korner@oikostat.ch>’ No Authors@R field in DESCRIPTION. Please add one, modifying Authors@R: c(person(given = "Fraenzi", family = "Korner-Nievergelt", role = c("aut", "cre"), email = "fraenzi.korner@oikostat.ch"), person(given = "Tobias", family = "Roth", role = "aut"), person(given = "Stefanie", family = "von Felten", role = "aut"), person(given = "Jerome", family = "Guelat", role = "aut"), person(given = "Bettina", family = "Almasi", role = "aut"), person(given = "Pius", family = "Korner-Nievergelt", role = "aut")) as necessary. Flavors: r-devel-linux-x86_64-debian-clang, r-devel-linux-x86_64-debian-gcc

These binaries (installable software) and packages are in development.
They may not be fully stable and should be used with caution. We make no claims about them.