Last updated on 2025-02-19 16:50:42 CET.
Flavor | Version | Tinstall | Tcheck | Ttotal | Status | Flags |
---|---|---|---|---|---|---|
r-devel-linux-x86_64-debian-clang | 1.2.4 | 2.99 | 26.33 | 29.32 | OK | |
r-devel-linux-x86_64-debian-gcc | 1.2.4 | 1.97 | 21.13 | 23.10 | OK | |
r-devel-linux-x86_64-fedora-clang | 1.2.4 | 46.04 | OK | |||
r-devel-linux-x86_64-fedora-gcc | 1.2.4 | 45.94 | OK | |||
r-devel-macos-arm64 | 1.2.4 | 18.00 | OK | |||
r-devel-macos-x86_64 | 1.2.4 | 32.00 | OK | |||
r-devel-windows-x86_64 | 1.2.4 | 5.00 | 47.00 | 52.00 | OK | |
r-patched-linux-x86_64 | 1.2.4 | 2.70 | 24.77 | 27.47 | OK | |
r-release-linux-x86_64 | 1.2.4 | 2.89 | 25.20 | 28.09 | OK | |
r-release-macos-arm64 | 1.2.4 | 18.00 | OK | |||
r-release-macos-x86_64 | 1.2.4 | 25.00 | OK | |||
r-release-windows-x86_64 | 1.2.4 | 5.00 | 3.00 | 8.00 | FAIL | |
r-oldrel-macos-arm64 | 1.2.4 | 19.00 | OK | |||
r-oldrel-macos-x86_64 | 1.2.4 | 25.00 | OK | |||
r-oldrel-windows-x86_64 | 1.2.4 | 5.00 | 49.00 | 54.00 | OK |
Version: 1.2.4
Check: package dependencies
Result: FAIL
Flavor: r-release-windows-x86_64
These binaries (installable software) and packages are in development.
They may not be fully stable and should be used with caution. We make no claims about them.