Last updated on 2025-02-16 10:50:42 CET.
Flavor | Version | Tinstall | Tcheck | Ttotal | Status | Flags |
---|---|---|---|---|---|---|
r-devel-linux-x86_64-debian-clang | 0.2.6 | 78.99 | 87.70 | 166.69 | OK | |
r-devel-linux-x86_64-debian-gcc | 0.2.6 | 53.91 | 81.41 | 135.32 | OK | |
r-devel-linux-x86_64-fedora-clang | 0.2.6 | 315.21 | OK | |||
r-devel-linux-x86_64-fedora-gcc | 0.2.6 | 300.73 | OK | |||
r-devel-macos-arm64 | 0.2.6 | 72.00 | OK | |||
r-devel-macos-x86_64 | 0.2.6 | 101.00 | OK | |||
r-devel-windows-x86_64 | 0.2.6 | 84.00 | 123.00 | 207.00 | OK | |
r-patched-linux-x86_64 | 0.2.6 | 75.37 | 84.20 | 159.57 | OK | |
r-release-linux-x86_64 | 0.2.6 | 77.23 | 85.19 | 162.42 | OK | |
r-release-macos-arm64 | 0.2.6 | 73.00 | NOTE | |||
r-release-macos-x86_64 | 0.2.6 | 96.00 | NOTE | |||
r-release-windows-x86_64 | 0.2.6 | 86.00 | 135.00 | 221.00 | OK | |
r-oldrel-macos-arm64 | 0.2.6 | 84.00 | NOTE | |||
r-oldrel-macos-x86_64 | 0.2.6 | 135.00 | NOTE | |||
r-oldrel-windows-x86_64 | 0.2.6 | 104.00 | 134.00 | 238.00 | OK |
Version: 0.2.6
Check: installed package size
Result: NOTE
installed size is 7.0Mb
sub-directories of 1Mb or more:
libs 6.6Mb
Flavors: r-release-macos-arm64, r-release-macos-x86_64, r-oldrel-macos-arm64, r-oldrel-macos-x86_64
These binaries (installable software) and packages are in development.
They may not be fully stable and should be used with caution. We make no claims about them.