Last updated on 2025-05-01 14:49:05 CEST.
Flavor | Version | Tinstall | Tcheck | Ttotal | Status | Flags |
---|---|---|---|---|---|---|
r-devel-linux-x86_64-debian-clang | 0.6.6 | 7.31 | 56.75 | 64.06 | NOTE | |
r-devel-linux-x86_64-debian-gcc | 0.6.6 | 5.61 | 40.22 | 45.83 | NOTE | |
r-devel-linux-x86_64-fedora-clang | 0.6.6 | 102.17 | NOTE | |||
r-devel-linux-x86_64-fedora-gcc | 0.6.6 | 93.69 | NOTE | |||
r-devel-windows-x86_64 | 0.6.6 | 13.00 | 76.00 | 89.00 | NOTE | |
r-patched-linux-x86_64 | 0.6.6 | 8.96 | 52.78 | 61.74 | NOTE | |
r-release-linux-x86_64 | NOTE | |||||
r-release-macos-arm64 | 0.6.6 | 37.00 | NOTE | |||
r-release-macos-x86_64 | 0.6.6 | 64.00 | NOTE | |||
r-release-windows-x86_64 | 0.6.6 | 13.00 | 79.00 | 92.00 | NOTE | |
r-oldrel-macos-arm64 | 0.6.6 | 41.00 | OK | |||
r-oldrel-macos-x86_64 | 0.6.6 | 64.00 | OK | |||
r-oldrel-windows-x86_64 | 0.6.6 | 16.00 | 93.00 | 109.00 | OK |
Version: 0.6.6
Check: DESCRIPTION meta-information
Result: NOTE
Missing dependency on R >= 4.1.0 because package code uses the pipe
|> or function shorthand \(...) syntax added in R 4.1.0.
File(s) using such syntax:
‘assg2xBalance.R’
Flavors: r-devel-linux-x86_64-debian-clang, r-devel-linux-x86_64-debian-gcc, r-devel-linux-x86_64-fedora-clang, r-devel-linux-x86_64-fedora-gcc, r-devel-windows-x86_64, r-patched-linux-x86_64, r-release-linux-x86_64, r-release-macos-arm64, r-release-macos-x86_64, r-release-windows-x86_64
These binaries (installable software) and packages are in development.
They may not be fully stable and should be used with caution. We make no claims about them.