Last updated on 2025-11-12 19:51:42 CET.
| Flavor | Version | Tinstall | Tcheck | Ttotal | Status | Flags |
|---|---|---|---|---|---|---|
| r-devel-linux-x86_64-debian-clang | 0.6.6 | 8.33 | 60.26 | 68.59 | NOTE | |
| r-devel-linux-x86_64-debian-gcc | 0.6.6 | 5.36 | 42.05 | 47.41 | NOTE | |
| r-devel-linux-x86_64-fedora-clang | 0.6.6 | 41.00 | 68.34 | 109.34 | NOTE | |
| r-devel-linux-x86_64-fedora-gcc | 0.6.6 | 16.00 | 80.92 | 96.92 | NOTE | |
| r-devel-windows-x86_64 | 0.6.6 | 15.00 | 74.00 | 89.00 | NOTE | |
| r-patched-linux-x86_64 | 0.6.6 | 7.66 | 55.56 | 63.22 | NOTE | |
| r-release-linux-x86_64 | 0.6.6 | 6.56 | 56.40 | 62.96 | NOTE | |
| r-release-macos-arm64 | 0.6.6 | 6.00 | 31.00 | 37.00 | NOTE | |
| r-release-macos-x86_64 | 0.6.6 | 8.00 | 56.00 | 64.00 | NOTE | |
| r-release-windows-x86_64 | 0.6.6 | 14.00 | 72.00 | 86.00 | NOTE | |
| r-oldrel-macos-arm64 | 0.6.6 | 5.00 | 36.00 | 41.00 | OK | |
| r-oldrel-macos-x86_64 | 0.6.6 | 9.00 | 55.00 | 64.00 | OK | |
| r-oldrel-windows-x86_64 | 0.6.6 | 17.00 | 89.00 | 106.00 | OK |
Version: 0.6.6
Check: DESCRIPTION meta-information
Result: NOTE
Missing dependency on R >= 4.1.0 because package code uses the pipe
|> or function shorthand \(...) syntax added in R 4.1.0.
File(s) using such syntax:
‘assg2xBalance.R’
Flavors: r-devel-linux-x86_64-debian-clang, r-devel-linux-x86_64-debian-gcc, r-devel-linux-x86_64-fedora-clang, r-devel-linux-x86_64-fedora-gcc, r-devel-windows-x86_64, r-patched-linux-x86_64, r-release-linux-x86_64, r-release-macos-arm64, r-release-macos-x86_64, r-release-windows-x86_64
These binaries (installable software) and packages are in development.
They may not be fully stable and should be used with caution. We make no claims about them.