CRAN Package Check Results for Package blockcluster

Last updated on 2025-02-16 10:50:42 CET.

Flavor Version Tinstall Tcheck Ttotal Status Flags
r-devel-linux-x86_64-debian-clang 4.5.5 305.79 51.01 356.80 OK
r-devel-linux-x86_64-debian-gcc 4.5.5 246.69 39.72 286.41 OK
r-devel-linux-x86_64-fedora-clang 4.5.5 678.41 OK
r-devel-linux-x86_64-fedora-gcc 4.5.5 826.33 OK
r-devel-macos-arm64 4.5.5 148.00 OK
r-devel-macos-x86_64 4.5.5 161.00 OK
r-devel-windows-x86_64 4.5.5 298.00 128.00 426.00 OK
r-patched-linux-x86_64 4.5.5 339.22 48.91 388.13 NOTE
r-release-linux-x86_64 4.5.5 345.56 48.69 394.25 NOTE
r-release-macos-arm64 4.5.5 161.00 NOTE
r-release-macos-x86_64 4.5.5 139.00 NOTE
r-release-windows-x86_64 4.5.5 320.00 132.00 452.00 NOTE
r-oldrel-macos-arm64 4.5.5 168.00 NOTE
r-oldrel-macos-x86_64 4.5.5 177.00 NOTE
r-oldrel-windows-x86_64 4.5.5 363.00 136.00 499.00 NOTE

Check Details

Version: 4.5.5
Check: for GNU extensions in Makefiles
Result: NOTE GNU make is a SystemRequirements. Flavors: r-patched-linux-x86_64, r-release-linux-x86_64, r-release-macos-arm64, r-release-macos-x86_64, r-release-windows-x86_64, r-oldrel-macos-arm64, r-oldrel-macos-x86_64, r-oldrel-windows-x86_64

Version: 4.5.5
Check: installed package size
Result: NOTE installed size is 33.9Mb sub-directories of 1Mb or more: libs 32.6Mb Flavors: r-release-macos-arm64, r-release-macos-x86_64, r-oldrel-macos-arm64, r-oldrel-macos-x86_64

These binaries (installable software) and packages are in development.
They may not be fully stable and should be used with caution. We make no claims about them.