Last updated on 2025-05-01 08:52:28 CEST.
Flavor | Version | Tinstall | Tcheck | Ttotal | Status | Flags |
---|---|---|---|---|---|---|
r-devel-linux-x86_64-debian-clang | 4.5.5 | 309.10 | 51.77 | 360.87 | OK | |
r-devel-linux-x86_64-debian-gcc | 4.5.5 | 253.40 | 40.37 | 293.77 | OK | |
r-devel-linux-x86_64-fedora-clang | 4.5.5 | 676.77 | OK | |||
r-devel-linux-x86_64-fedora-gcc | 4.5.5 | 777.73 | OK | |||
r-devel-windows-x86_64 | 4.5.5 | 335.00 | 139.00 | 474.00 | OK | |
r-patched-linux-x86_64 | 4.5.5 | 359.48 | 50.04 | 409.52 | OK | |
r-release-linux-x86_64 | OK | |||||
r-release-macos-arm64 | 4.5.5 | 181.00 | OK | |||
r-release-macos-x86_64 | 4.5.5 | 159.00 | OK | |||
r-release-windows-x86_64 | 4.5.5 | 342.00 | 144.00 | 486.00 | OK | |
r-oldrel-macos-arm64 | 4.5.5 | 161.00 | NOTE | |||
r-oldrel-macos-x86_64 | 4.5.5 | 139.00 | NOTE | |||
r-oldrel-windows-x86_64 | 4.5.5 | 401.00 | 148.00 | 549.00 | NOTE |
Version: 4.5.5
Check: installed package size
Result: NOTE
installed size is 33.9Mb
sub-directories of 1Mb or more:
libs 32.6Mb
Flavors: r-oldrel-macos-arm64, r-oldrel-macos-x86_64
Version: 4.5.5
Check: for GNU extensions in Makefiles
Result: NOTE
GNU make is a SystemRequirements.
Flavors: r-oldrel-macos-arm64, r-oldrel-macos-x86_64, r-oldrel-windows-x86_64
These binaries (installable software) and packages are in development.
They may not be fully stable and should be used with caution. We make no claims about them.