Last updated on 2025-11-12 19:51:42 CET.
| Flavor | Version | Tinstall | Tcheck | Ttotal | Status | Flags |
|---|---|---|---|---|---|---|
| r-devel-linux-x86_64-debian-clang | 4.5.5 | 313.53 | 56.25 | 369.78 | OK | |
| r-devel-linux-x86_64-debian-gcc | 4.5.5 | 247.95 | 43.55 | 291.50 | OK | |
| r-devel-linux-x86_64-fedora-clang | 4.5.5 | 1620.00 | -897.13 | 722.87 | OK | |
| r-devel-linux-x86_64-fedora-gcc | 4.5.5 | 840.00 | -59.79 | 780.21 | OK | |
| r-devel-windows-x86_64 | 4.5.5 | 345.00 | 123.00 | 468.00 | OK | |
| r-patched-linux-x86_64 | 4.5.5 | 358.29 | 53.55 | 411.84 | OK | |
| r-release-linux-x86_64 | 4.5.5 | 353.89 | 53.22 | 407.11 | OK | |
| r-release-macos-arm64 | 4.5.5 | 130.00 | 51.00 | 181.00 | OK | |
| r-release-macos-x86_64 | 4.5.5 | 84.00 | 75.00 | 159.00 | OK | |
| r-release-windows-x86_64 | 4.5.5 | 339.00 | 127.00 | 466.00 | OK | |
| r-oldrel-macos-arm64 | 4.5.5 | 124.00 | 37.00 | 161.00 | NOTE | |
| r-oldrel-macos-x86_64 | 4.5.5 | 79.00 | 60.00 | 139.00 | NOTE | |
| r-oldrel-windows-x86_64 | 4.5.5 | 419.00 | 141.00 | 560.00 | NOTE |
Version: 4.5.5
Check: installed package size
Result: NOTE
installed size is 33.9Mb
sub-directories of 1Mb or more:
libs 32.6Mb
Flavors: r-oldrel-macos-arm64, r-oldrel-macos-x86_64
Version: 4.5.5
Check: for GNU extensions in Makefiles
Result: NOTE
GNU make is a SystemRequirements.
Flavors: r-oldrel-macos-arm64, r-oldrel-macos-x86_64, r-oldrel-windows-x86_64
These binaries (installable software) and packages are in development.
They may not be fully stable and should be used with caution. We make no claims about them.